CRAN Package Check Results for Package bsam

Last updated on 2025-11-12 19:51:43 CET.

Flavor Version Tinstall Tcheck Ttotal Status Flags
r-devel-linux-x86_64-debian-clang 1.1.3 13.21 101.59 114.80 NOTE
r-devel-linux-x86_64-debian-gcc 1.1.3 8.77 72.84 81.61 NOTE
r-devel-linux-x86_64-fedora-clang 1.1.3 30.00 147.89 177.89 NOTE
r-devel-linux-x86_64-fedora-gcc 1.1.3 27.00 135.38 162.38 NOTE
r-devel-windows-x86_64 1.1.3 15.00 97.00 112.00 OK
r-patched-linux-x86_64 1.1.3 13.05 92.89 105.94 OK
r-release-linux-x86_64 1.1.3 12.34 92.46 104.80 OK
r-release-macos-arm64 1.1.3 6.00 42.00 48.00 OK
r-release-macos-x86_64 1.1.3 9.00 66.00 75.00 OK
r-release-windows-x86_64 1.1.3 14.00 95.00 109.00 OK
r-oldrel-macos-arm64 1.1.3 5.00 45.00 50.00 OK
r-oldrel-macos-x86_64 1.1.3 14.00 58.00 72.00 OK
r-oldrel-windows-x86_64 1.1.3 17.00 124.00 141.00 OK

Check Details

Version: 1.1.3
Check: CRAN incoming feasibility
Result: NOTE Maintainer: ‘Ian Jonsen <ian.jonsen@mq.edu.au>’ Package CITATION file contains call(s) to old-style personList() or as.personList(). Please use c() on person objects instead. Package CITATION file contains call(s) to old-style citEntry(). Please use bibentry() instead. Flavors: r-devel-linux-x86_64-debian-clang, r-devel-linux-x86_64-debian-gcc

Version: 1.1.3
Check: dependencies in R code
Result: NOTE Namespaces in Imports field not imported from: ‘rworldxtra’ ‘sp’ All declared Imports should be used. Flavors: r-devel-linux-x86_64-fedora-clang, r-devel-linux-x86_64-fedora-gcc

These binaries (installable software) and packages are in development.
They may not be fully stable and should be used with caution. We make no claims about them.