Last updated on 2024-07-27 15:50:12 CEST.
Flavor | Version | Tinstall | Tcheck | Ttotal | Status | Flags |
---|---|---|---|---|---|---|
r-devel-linux-x86_64-debian-clang | 1.1.3 | 14.38 | 102.80 | 117.18 | OK | |
r-devel-linux-x86_64-debian-gcc | 1.1.3 | OK | ||||
r-devel-linux-x86_64-fedora-clang | 1.1.3 | 147.38 | NOTE | |||
r-devel-linux-x86_64-fedora-gcc | 1.1.3 | 136.07 | NOTE | |||
r-devel-windows-x86_64 | 1.1.3 | 12.00 | 89.00 | 101.00 | OK | |
r-patched-linux-x86_64 | 1.1.3 | OK | ||||
r-release-linux-x86_64 | 1.1.3 | 13.96 | 97.31 | 111.27 | OK | |
r-release-macos-arm64 | 1.1.3 | 50.00 | OK | |||
r-release-macos-x86_64 | 1.1.3 | 72.00 | OK | |||
r-release-windows-x86_64 | 1.1.3 | 11.00 | 86.00 | 97.00 | OK | |
r-oldrel-macos-arm64 | 1.1.3 | 44.00 | OK | |||
r-oldrel-macos-x86_64 | 1.1.3 | 72.00 | OK | |||
r-oldrel-windows-x86_64 | 1.1.3 | 16.00 | 108.00 | 124.00 | OK |
Version: 1.1.3
Check: dependencies in R code
Result: NOTE
Namespaces in Imports field not imported from:
‘rworldxtra’ ‘sp’
All declared Imports should be used.
Flavors: r-devel-linux-x86_64-fedora-clang, r-devel-linux-x86_64-fedora-gcc
These binaries (installable software) and packages are in development.
They may not be fully stable and should be used with caution. We make no claims about them.