Last updated on 2025-10-03 15:49:44 CEST.
Flavor | Version | Tinstall | Tcheck | Ttotal | Status | Flags |
---|---|---|---|---|---|---|
r-devel-linux-x86_64-debian-clang | 0.0.61 | 11.35 | 28.35 | 39.70 | NOTE | |
r-devel-linux-x86_64-debian-gcc | 0.0.61 | 9.57 | 22.42 | 31.99 | NOTE | |
r-devel-linux-x86_64-fedora-clang | 0.0.61 | 63.56 | OK | |||
r-devel-linux-x86_64-fedora-gcc | 0.0.61 | 65.64 | OK | |||
r-devel-windows-x86_64 | 0.0.61 | 18.00 | 68.00 | 86.00 | OK | |
r-patched-linux-x86_64 | 0.0.61 | 13.53 | 25.96 | 39.49 | OK | |
r-release-linux-x86_64 | 0.0.61 | 13.34 | 25.77 | 39.11 | OK | |
r-release-macos-arm64 | 0.0.61 | 24.00 | OK | |||
r-release-macos-x86_64 | 0.0.61 | 39.00 | OK | |||
r-release-windows-x86_64 | 0.0.61 | 16.00 | 66.00 | 82.00 | OK | |
r-oldrel-macos-arm64 | 0.0.61 | 29.00 | OK | |||
r-oldrel-macos-x86_64 | 0.0.61 | 33.00 | OK | |||
r-oldrel-windows-x86_64 | 0.0.61 | 18.00 | 80.00 | 98.00 | OK |
Version: 0.0.61
Check: CRAN incoming feasibility
Result: NOTE
Maintainer: ‘Marco Giuliano <mgiuliano.mail@gmail.com>’
No Authors@R field in DESCRIPTION.
Please add one, modifying
Authors@R: person(given = "Marco",
family = "Giuliano",
role = c("aut", "cre"),
email = "mgiuliano.mail@gmail.com")
as necessary.
Flavors: r-devel-linux-x86_64-debian-clang, r-devel-linux-x86_64-debian-gcc
These binaries (installable software) and packages are in development.
They may not be fully stable and should be used with caution. We make no claims about them.