CRAN Package Check Results for Package bsgof

Last updated on 2025-11-13 03:50:56 CET.

Flavor Version Tinstall Tcheck Ttotal Status Flags
r-devel-linux-x86_64-debian-clang 0.23.8 1.97 21.37 23.34 NOTE
r-devel-linux-x86_64-debian-gcc 0.23.8 1.71 16.95 18.66 NOTE
r-devel-linux-x86_64-fedora-clang 0.23.8 34.71 OK
r-devel-linux-x86_64-fedora-gcc 0.23.8 32.70 OK
r-devel-windows-x86_64 0.23.8 3.00 37.00 40.00 OK
r-patched-linux-x86_64 0.23.8 2.12 19.99 22.11 OK
r-release-linux-x86_64 0.23.8 1.77 20.03 21.80 OK
r-release-macos-arm64 0.23.8 1.00 16.00 17.00 OK
r-release-macos-x86_64 0.23.8 2.00 21.00 23.00 OK
r-release-windows-x86_64 0.23.8 3.00 37.00 40.00 OK
r-oldrel-macos-arm64 0.23.8 2.00 11.00 13.00 OK
r-oldrel-macos-x86_64 0.23.8 2.00 19.00 21.00 OK
r-oldrel-windows-x86_64 0.23.8 4.00 39.00 43.00 OK

Check Details

Version: 0.23.8
Check: CRAN incoming feasibility
Result: NOTE Maintainer: ‘Chanseok Park <statpnu@gmail.com>’ The Description field contains <arXiv:2308.10150>. This work was supported by the National Research Please refer to arXiv e-prints via their arXiv DOI <doi:10.48550/arXiv.YYMM.NNNNN>. Flavors: r-devel-linux-x86_64-debian-clang, r-devel-linux-x86_64-debian-gcc

These binaries (installable software) and packages are in development.
They may not be fully stable and should be used with caution. We make no claims about them.