Last updated on 2024-07-27 15:50:12 CEST.
Flavor | Version | Tinstall | Tcheck | Ttotal | Status | Flags |
---|---|---|---|---|---|---|
r-devel-linux-x86_64-debian-clang | 0.2.1 | 85.17 | 471.53 | 556.70 | OK | |
r-devel-linux-x86_64-debian-gcc | 0.2.1 | NOTE | ||||
r-devel-linux-x86_64-fedora-clang | 0.2.1 | 725.42 | OK | |||
r-devel-linux-x86_64-fedora-gcc | 0.2.1 | 659.30 | OK | |||
r-devel-windows-x86_64 | 0.2.1 | 65.00 | 300.00 | 365.00 | NOTE | |
r-patched-linux-x86_64 | 0.2.1 | OK | ||||
r-release-linux-x86_64 | 0.2.1 | 60.06 | 434.67 | 494.73 | OK | |
r-release-macos-arm64 | 0.2.1 | 151.00 | OK | |||
r-release-macos-x86_64 | 0.2.1 | 224.00 | OK | |||
r-release-windows-x86_64 | 0.2.1 | 64.00 | 291.00 | 355.00 | OK | |
r-oldrel-macos-arm64 | 0.2.1 | 165.00 | OK | |||
r-oldrel-macos-x86_64 | 0.2.1 | 418.00 | OK | |||
r-oldrel-windows-x86_64 | 0.2.1 | 89.00 | 397.00 | 486.00 | OK |
Version: 0.2.1
Check: Rd cross-references
Result: NOTE
Found the following Rd file(s) with Rd \link{} targets missing package
anchors:
bsitar.Rd: opencl, save_pars, brmsfit_needs_refit
update_model.bgmfit.Rd: brms
Please provide package anchors for all Rd \link{} targets not in the
package itself and the base packages.
Flavors: r-devel-linux-x86_64-debian-gcc, r-devel-windows-x86_64
These binaries (installable software) and packages are in development.
They may not be fully stable and should be used with caution. We make no claims about them.