CRAN Package Check Results for Package bsitar

Last updated on 2025-10-23 21:51:22 CEST.

Flavor Version Tinstall Tcheck Ttotal Status Flags
r-devel-linux-x86_64-debian-clang 0.3.2 69.92 455.24 525.16 OK
r-devel-linux-x86_64-debian-gcc 0.3.2 51.92 295.11 347.03 OK
r-devel-linux-x86_64-fedora-clang 0.3.2 388.00 594.75 982.75 OK
r-devel-linux-x86_64-fedora-gcc 0.3.2 159.00 672.16 831.16 OK
r-devel-windows-x86_64 0.3.2 73.00 429.00 502.00 OK
r-patched-linux-x86_64 0.3.2 75.53 431.38 506.91 OK
r-release-linux-x86_64 0.3.2 70.22 432.73 502.95 OK
r-release-macos-arm64 0.3.2 38.00 186.00 224.00 OK
r-release-macos-x86_64 0.3.2 102.00 236.00 338.00 OK
r-release-windows-x86_64 0.3.2 73.00 437.00 510.00 OK
r-oldrel-macos-arm64 0.3.2 35.00 161.00 196.00 NOTE
r-oldrel-macos-x86_64 0.3.2 85.00 373.00 458.00 NOTE
r-oldrel-windows-x86_64 0.3.2 102.00 559.00 661.00 NOTE

Check Details

Version: 0.3.2
Check: installed package size
Result: NOTE installed size is 8.4Mb sub-directories of 1Mb or more: R 2.1Mb data 5.3Mb Flavors: r-oldrel-macos-arm64, r-oldrel-macos-x86_64, r-oldrel-windows-x86_64

These binaries (installable software) and packages are in development.
They may not be fully stable and should be used with caution. We make no claims about them.