CRAN Package Check Results for Package bsitar

Last updated on 2025-07-10 23:48:24 CEST.

Flavor Version Tinstall Tcheck Ttotal Status Flags
r-devel-linux-x86_64-debian-clang 0.3.2 80.80 441.94 522.74 OK
r-devel-linux-x86_64-debian-gcc 0.3.2 49.60 288.13 337.73 OK
r-devel-linux-x86_64-fedora-clang 0.3.2 816.36 OK
r-devel-linux-x86_64-fedora-gcc 0.3.2 792.96 OK
r-devel-windows-x86_64 0.3.2 71.00 435.00 506.00 OK
r-patched-linux-x86_64 0.3.2 73.38 405.53 478.91 OK
r-release-linux-x86_64 0.3.2 68.74 410.76 479.50 OK
r-release-macos-arm64 0.3.2 224.00 OK
r-release-macos-x86_64 0.3.2 338.00 OK
r-release-windows-x86_64 0.3.2 72.00 409.00 481.00 OK
r-oldrel-macos-arm64 0.3.2 196.00 NOTE
r-oldrel-macos-x86_64 0.3.2 458.00 NOTE
r-oldrel-windows-x86_64 0.3.2 100.00 561.00 661.00 NOTE

Check Details

Version: 0.3.2
Check: installed package size
Result: NOTE installed size is 8.4Mb sub-directories of 1Mb or more: R 2.1Mb data 5.3Mb Flavors: r-oldrel-macos-arm64, r-oldrel-macos-x86_64, r-oldrel-windows-x86_64

These binaries (installable software) and packages are in development.
They may not be fully stable and should be used with caution. We make no claims about them.