Last updated on 2025-02-16 10:50:42 CET.
Flavor | Version | Tinstall | Tcheck | Ttotal | Status | Flags |
---|---|---|---|---|---|---|
r-devel-linux-x86_64-debian-clang | 0.9.0 | 9.78 | 124.95 | 134.73 | OK | |
r-devel-linux-x86_64-debian-gcc | 0.9.0 | 7.13 | 86.25 | 93.38 | OK | |
r-devel-linux-x86_64-fedora-clang | 0.9.0 | 222.26 | OK | |||
r-devel-linux-x86_64-fedora-gcc | 0.9.0 | 221.77 | OK | |||
r-devel-macos-arm64 | 0.9.0 | 49.00 | OK | |||
r-devel-macos-x86_64 | 0.9.0 | 101.00 | OK | |||
r-devel-windows-x86_64 | 0.9.0 | 17.00 | 136.00 | 153.00 | OK | |
r-patched-linux-x86_64 | 0.9.0 | 9.39 | 119.47 | 128.86 | OK | |
r-release-linux-x86_64 | 0.9.0 | 8.23 | 120.31 | 128.54 | OK | |
r-release-macos-arm64 | 0.9.0 | 61.00 | NOTE | |||
r-release-macos-x86_64 | 0.9.0 | 105.00 | NOTE | |||
r-release-windows-x86_64 | 0.9.0 | 15.00 | 127.00 | 142.00 | NOTE | |
r-oldrel-macos-arm64 | 0.8.0 | 57.00 | NOTE | |||
r-oldrel-macos-x86_64 | 0.9.0 | 132.00 | NOTE | |||
r-oldrel-windows-x86_64 | 0.9.0 | 20.00 | 153.00 | 173.00 | NOTE |
Version: 0.9.0
Check: installed package size
Result: NOTE
installed size is 12.5Mb
sub-directories of 1Mb or more:
components 1.0Mb
fonts 2.4Mb
lib 5.3Mb
Flavors: r-release-macos-arm64, r-release-macos-x86_64, r-release-windows-x86_64, r-oldrel-macos-x86_64, r-oldrel-windows-x86_64
Version: 0.8.0
Check: installed package size
Result: NOTE
installed size is 11.7Mb
sub-directories of 1Mb or more:
components 1.0Mb
fonts 2.8Mb
lib 5.2Mb
Flavor: r-oldrel-macos-arm64
These binaries (installable software) and packages are in development.
They may not be fully stable and should be used with caution. We make no claims about them.