Last updated on 2025-07-02 01:51:33 CEST.
Flavor | Version | Tinstall | Tcheck | Ttotal | Status | Flags |
---|---|---|---|---|---|---|
r-devel-linux-x86_64-debian-clang | 0.9.0 | 8.52 | 125.31 | 133.83 | OK | |
r-devel-linux-x86_64-debian-gcc | 0.9.0 | 5.34 | 86.87 | 92.21 | OK | |
r-devel-linux-x86_64-fedora-clang | 0.9.0 | 221.62 | OK | |||
r-devel-linux-x86_64-fedora-gcc | 0.9.0 | 198.09 | OK | |||
r-devel-windows-x86_64 | 0.9.0 | 15.00 | 131.00 | 146.00 | OK | |
r-patched-linux-x86_64 | OK | |||||
r-release-linux-x86_64 | 0.9.0 | 7.85 | 122.52 | 130.37 | OK | |
r-release-macos-arm64 | 0.9.0 | 61.00 | OK | |||
r-release-macos-x86_64 | 0.9.0 | 138.00 | OK | |||
r-release-windows-x86_64 | 0.9.0 | 17.00 | 129.00 | 146.00 | OK | |
r-oldrel-macos-arm64 | 0.9.0 | 61.00 | NOTE | |||
r-oldrel-macos-x86_64 | 0.9.0 | 105.00 | NOTE | |||
r-oldrel-windows-x86_64 | 0.9.0 | 20.00 | 160.00 | 180.00 | NOTE |
Version: 0.9.0
Check: installed package size
Result: NOTE
installed size is 12.5Mb
sub-directories of 1Mb or more:
components 1.0Mb
fonts 2.4Mb
lib 5.3Mb
Flavors: r-oldrel-macos-arm64, r-oldrel-macos-x86_64, r-oldrel-windows-x86_64
These binaries (installable software) and packages are in development.
They may not be fully stable and should be used with caution. We make no claims about them.