Last updated on 2025-02-19 16:50:42 CET.
Flavor | Version | Tinstall | Tcheck | Ttotal | Status | Flags |
---|---|---|---|---|---|---|
r-devel-linux-x86_64-debian-clang | 0.0.2 | 7.99 | 23.76 | 31.75 | OK | |
r-devel-linux-x86_64-debian-gcc | 0.0.2 | 6.60 | 18.84 | 25.44 | OK | |
r-devel-linux-x86_64-fedora-clang | 0.0.2 | 54.86 | NOTE | |||
r-devel-linux-x86_64-fedora-gcc | 0.0.2 | 54.29 | NOTE | |||
r-devel-macos-arm64 | 0.0.2 | 20.00 | OK | |||
r-devel-macos-x86_64 | 0.0.2 | 36.00 | OK | |||
r-devel-windows-x86_64 | 0.0.2 | 9.00 | 45.00 | 54.00 | OK | |
r-patched-linux-x86_64 | 0.0.2 | 9.22 | 22.72 | 31.94 | OK | |
r-release-linux-x86_64 | 0.0.2 | 7.40 | 22.61 | 30.01 | OK | |
r-release-macos-arm64 | 0.0.2 | 20.00 | OK | |||
r-release-macos-x86_64 | 0.0.2 | 29.00 | OK | |||
r-release-windows-x86_64 | 0.0.2 | 9.00 | 3.00 | 12.00 | FAIL | |
r-oldrel-macos-arm64 | 0.0.2 | 20.00 | OK | |||
r-oldrel-macos-x86_64 | 0.0.2 | 30.00 | OK | |||
r-oldrel-windows-x86_64 | 0.0.2 | 13.00 | 61.00 | 74.00 | OK |
Version: 0.0.2
Check: dependencies in R code
Result: NOTE
Namespaces in Imports field not imported from:
‘Matrix’ ‘grDevices’ ‘graphics’
All declared Imports should be used.
Flavors: r-devel-linux-x86_64-fedora-clang, r-devel-linux-x86_64-fedora-gcc
Version: 0.0.2
Check: package dependencies
Result: FAIL
Flavor: r-release-windows-x86_64
These binaries (installable software) and packages are in development.
They may not be fully stable and should be used with caution. We make no claims about them.