Last updated on 2025-10-23 23:49:24 CEST.
| Flavor | Version | Tinstall | Tcheck | Ttotal | Status | Flags |
|---|---|---|---|---|---|---|
| r-devel-linux-x86_64-debian-clang | 0.0.2 | 8.99 | 27.41 | 36.40 | OK | |
| r-devel-linux-x86_64-debian-gcc | 0.0.2 | 6.69 | 21.48 | 28.17 | OK | |
| r-devel-linux-x86_64-fedora-clang | 0.0.2 | 80.00 | -19.81 | 60.19 | NOTE | |
| r-devel-linux-x86_64-fedora-gcc | 0.0.2 | 20.00 | 31.55 | 51.55 | NOTE | |
| r-devel-windows-x86_64 | 0.0.2 | 9.00 | 44.00 | 53.00 | OK | |
| r-patched-linux-x86_64 | 0.0.2 | 7.62 | 24.79 | 32.41 | OK | |
| r-release-linux-x86_64 | 0.0.2 | 9.79 | 25.39 | 35.18 | OK | |
| r-release-macos-arm64 | 0.0.2 | 5.00 | 18.00 | 23.00 | OK | |
| r-release-macos-x86_64 | 0.0.2 | 7.00 | 28.00 | 35.00 | OK | |
| r-release-windows-x86_64 | 0.0.2 | 10.00 | 45.00 | 55.00 | OK | |
| r-oldrel-macos-arm64 | 0.0.2 | 4.00 | 16.00 | 20.00 | OK | |
| r-oldrel-macos-x86_64 | 0.0.2 | 6.00 | 23.00 | 29.00 | OK | |
| r-oldrel-windows-x86_64 | 0.0.2 | 13.00 | 51.00 | 64.00 | OK |
Version: 0.0.2
Check: dependencies in R code
Result: NOTE
Namespaces in Imports field not imported from:
‘Matrix’ ‘grDevices’ ‘graphics’
All declared Imports should be used.
Flavors: r-devel-linux-x86_64-fedora-clang, r-devel-linux-x86_64-fedora-gcc
These binaries (installable software) and packages are in development.
They may not be fully stable and should be used with caution. We make no claims about them.