Last updated on 2025-10-10 05:49:56 CEST.
Flavor | Version | Tinstall | Tcheck | Ttotal | Status | Flags |
---|---|---|---|---|---|---|
r-devel-linux-x86_64-debian-clang | 2.0.3 | 485.98 | 440.03 | 926.01 | OK | |
r-devel-linux-x86_64-debian-gcc | 2.0.3 | 320.98 | 247.65 | 568.63 | OK | |
r-devel-linux-x86_64-fedora-clang | 2.0.3 | 1918.33 | OK | |||
r-devel-linux-x86_64-fedora-gcc | 2.0.3 | 1499.88 | OK | |||
r-devel-windows-x86_64 | 2.0.3 | 545.00 | 446.00 | 991.00 | OK | |
r-patched-linux-x86_64 | 2.0.3 | 487.20 | 349.16 | 836.36 | OK | |
r-release-linux-x86_64 | 2.0.3 | 494.97 | 348.57 | 843.54 | OK | |
r-release-macos-arm64 | 2.0.3 | 317.00 | OK | |||
r-release-macos-x86_64 | 2.0.3 | 517.00 | OK | |||
r-release-windows-x86_64 | 2.0.3 | 543.00 | 434.00 | 977.00 | OK | |
r-oldrel-macos-arm64 | 2.0.3 | 311.00 | NOTE | |||
r-oldrel-macos-x86_64 | 2.0.3 | 513.00 | NOTE | |||
r-oldrel-windows-x86_64 | 2.0.3 | 638.00 | 519.00 | 1157.00 | NOTE |
Version: 2.0.3
Check: installed package size
Result: NOTE
installed size is 34.7Mb
sub-directories of 1Mb or more:
data 1.1Mb
doc 2.8Mb
libs 30.2Mb
Flavors: r-oldrel-macos-arm64, r-oldrel-macos-x86_64, r-oldrel-windows-x86_64
These binaries (installable software) and packages are in development.
They may not be fully stable and should be used with caution. We make no claims about them.