Last updated on 2025-10-23 09:50:40 CEST.
Flavor | Version | Tinstall | Tcheck | Ttotal | Status | Flags |
---|---|---|---|---|---|---|
r-devel-linux-x86_64-debian-clang | 0.3-24 | 10.66 | 130.55 | 141.21 | NOTE | |
r-devel-linux-x86_64-debian-gcc | 0.3-24 | 6.65 | 91.22 | 97.87 | NOTE | |
r-devel-linux-x86_64-fedora-clang | 0.3-24 | 42.00 | 216.29 | 258.29 | OK | |
r-devel-linux-x86_64-fedora-gcc | 0.3-24 | 22.00 | 202.92 | 224.92 | OK | |
r-devel-windows-x86_64 | 0.3-24 | 13.00 | 181.00 | 194.00 | OK | |
r-patched-linux-x86_64 | 0.3-24 | 10.78 | 126.06 | 136.84 | OK | |
r-release-linux-x86_64 | 0.3-24 | 10.16 | 126.53 | 136.69 | OK | |
r-release-macos-arm64 | 0.3-24 | 5.00 | 75.00 | 80.00 | OK | |
r-release-macos-x86_64 | 0.3-24 | 8.00 | 150.00 | 158.00 | OK | |
r-release-windows-x86_64 | 0.3-24 | 12.00 | 191.00 | 203.00 | OK | |
r-oldrel-macos-arm64 | 0.3-24 | 5.00 | 67.00 | 72.00 | OK | |
r-oldrel-macos-x86_64 | 0.3-24 | 7.00 | 101.00 | 108.00 | OK | |
r-oldrel-windows-x86_64 | 0.3-24 | 15.00 | 209.00 | 224.00 | OK |
Version: 0.3-24
Check: CRAN incoming feasibility
Result: NOTE
Maintainer: ‘Zhu Wang <zwang145@uthsc.edu>’
Package CITATION file contains call(s) to old-style personList() or
as.personList(). Please use c() on person objects instead.
Package CITATION file contains call(s) to old-style citEntry(). Please
use bibentry() instead.
Flavors: r-devel-linux-x86_64-debian-clang, r-devel-linux-x86_64-debian-gcc
These binaries (installable software) and packages are in development.
They may not be fully stable and should be used with caution. We make no claims about them.