Last updated on 2025-11-12 11:51:09 CET.
| Flavor | Version | Tinstall | Tcheck | Ttotal | Status | Flags |
|---|---|---|---|---|---|---|
| r-devel-linux-x86_64-debian-clang | 0.3-24 | 10.75 | 132.28 | 143.03 | NOTE | |
| r-devel-linux-x86_64-debian-gcc | 0.3-24 | 6.92 | 92.02 | 98.94 | NOTE | |
| r-devel-linux-x86_64-fedora-clang | 0.3-24 | 22.00 | 191.16 | 213.16 | OK | |
| r-devel-linux-x86_64-fedora-gcc | 0.3-24 | 20.00 | 200.71 | 220.71 | OK | |
| r-devel-windows-x86_64 | 0.3-24 | 12.00 | 180.00 | 192.00 | OK | |
| r-patched-linux-x86_64 | 0.3-24 | 10.16 | 124.67 | 134.83 | OK | |
| r-release-linux-x86_64 | 0.3-24 | 9.71 | 127.92 | 137.63 | OK | |
| r-release-macos-arm64 | 0.3-24 | 5.00 | 75.00 | 80.00 | OK | |
| r-release-macos-x86_64 | 0.3-24 | 8.00 | 150.00 | 158.00 | OK | |
| r-release-windows-x86_64 | 0.3-24 | 12.00 | 179.00 | 191.00 | OK | |
| r-oldrel-macos-arm64 | 0.3-24 | 5.00 | 67.00 | 72.00 | OK | |
| r-oldrel-macos-x86_64 | 0.3-24 | 7.00 | 101.00 | 108.00 | OK | |
| r-oldrel-windows-x86_64 | 0.3-24 | 16.00 | 206.00 | 222.00 | OK |
Version: 0.3-24
Check: CRAN incoming feasibility
Result: NOTE
Maintainer: ‘Zhu Wang <zwang145@uthsc.edu>’
Package CITATION file contains call(s) to old-style personList() or
as.personList(). Please use c() on person objects instead.
Package CITATION file contains call(s) to old-style citEntry(). Please
use bibentry() instead.
Flavors: r-devel-linux-x86_64-debian-clang, r-devel-linux-x86_64-debian-gcc
These binaries (installable software) and packages are in development.
They may not be fully stable and should be used with caution. We make no claims about them.