Last updated on 2025-10-24 13:49:33 CEST.
| Flavor | Version | Tinstall | Tcheck | Ttotal | Status | Flags |
|---|---|---|---|---|---|---|
| r-devel-linux-x86_64-debian-clang | 1.1.0 | 4.16 | 37.77 | 41.93 | NOTE | |
| r-devel-linux-x86_64-debian-gcc | 1.1.0 | 2.75 | 28.50 | 31.25 | NOTE | |
| r-devel-linux-x86_64-fedora-clang | 1.1.0 | 17.00 | 59.42 | 76.42 | OK | |
| r-devel-linux-x86_64-fedora-gcc | 1.1.0 | 74.77 | OK | |||
| r-devel-windows-x86_64 | 1.1.0 | 6.00 | 60.00 | 66.00 | OK | |
| r-patched-linux-x86_64 | 1.1.0 | 4.97 | 35.57 | 40.54 | OK | |
| r-release-linux-x86_64 | 1.1.0 | 3.66 | 36.33 | 39.99 | OK | |
| r-release-macos-arm64 | 1.1.0 | 2.00 | 34.00 | 36.00 | OK | |
| r-release-macos-x86_64 | 1.1.0 | 5.00 | 87.00 | 92.00 | OK | |
| r-release-windows-x86_64 | 1.1.0 | 5.00 | 61.00 | 66.00 | OK | |
| r-oldrel-macos-arm64 | 1.1.0 | 2.00 | 26.00 | 28.00 | OK | |
| r-oldrel-macos-x86_64 | 1.1.0 | 3.00 | 55.00 | 58.00 | OK | |
| r-oldrel-windows-x86_64 | 1.1.0 | 8.00 | 70.00 | 78.00 | OK |
Version: 1.1.0
Check: CRAN incoming feasibility
Result: NOTE
Maintainer: ‘Zuguang Gu <z.gu@dkfz.de>’
No Authors@R field in DESCRIPTION.
Please add one, modifying
Authors@R: person(given = "Zuguang",
family = "Gu",
role = c("aut", "cre"),
email = "z.gu@dkfz.de")
as necessary.
Flavors: r-devel-linux-x86_64-debian-clang, r-devel-linux-x86_64-debian-gcc
These binaries (installable software) and packages are in development.
They may not be fully stable and should be used with caution. We make no claims about them.