Last updated on 2025-05-01 15:49:27 CEST.
Flavor | Version | Tinstall | Tcheck | Ttotal | Status | Flags |
---|---|---|---|---|---|---|
r-devel-linux-x86_64-debian-clang | 1.1.0 | 3.82 | 35.71 | 39.53 | NOTE | |
r-devel-linux-x86_64-debian-gcc | 1.1.0 | 2.85 | 27.26 | 30.11 | NOTE | |
r-devel-linux-x86_64-fedora-clang | 1.1.0 | 68.33 | OK | |||
r-devel-linux-x86_64-fedora-gcc | 1.1.0 | 75.57 | OK | |||
r-devel-windows-x86_64 | 1.1.0 | 5.00 | 65.00 | 70.00 | OK | |
r-patched-linux-x86_64 | 1.1.0 | 4.14 | 33.46 | 37.60 | OK | |
r-release-linux-x86_64 | OK | |||||
r-release-macos-arm64 | 1.1.0 | 36.00 | OK | |||
r-release-macos-x86_64 | 1.1.0 | 92.00 | OK | |||
r-release-windows-x86_64 | 1.1.0 | 5.00 | 68.00 | 73.00 | OK | |
r-oldrel-macos-arm64 | 1.1.0 | 28.00 | OK | |||
r-oldrel-macos-x86_64 | 1.1.0 | 58.00 | OK | |||
r-oldrel-windows-x86_64 | 1.1.0 | 6.00 | 68.00 | 74.00 | OK |
Version: 1.1.0
Check: CRAN incoming feasibility
Result: NOTE
Maintainer: ‘Zuguang Gu <z.gu@dkfz.de>’
No Authors@R field in DESCRIPTION.
Please add one, modifying
Authors@R: person(given = "Zuguang",
family = "Gu",
role = c("aut", "cre"),
email = "z.gu@dkfz.de")
as necessary.
Flavors: r-devel-linux-x86_64-debian-clang, r-devel-linux-x86_64-debian-gcc
These binaries (installable software) and packages are in development.
They may not be fully stable and should be used with caution. We make no claims about them.