Last updated on 2025-10-25 01:50:54 CEST.
| Flavor | Version | Tinstall | Tcheck | Ttotal | Status | Flags |
|---|---|---|---|---|---|---|
| r-devel-linux-x86_64-debian-clang | 0.1.2 | 1.88 | 25.11 | 26.99 | OK | |
| r-devel-linux-x86_64-debian-gcc | 0.1.2 | 1.50 | 21.23 | 22.73 | OK | |
| r-devel-linux-x86_64-fedora-clang | 0.1.2 | 46.10 | OK | |||
| r-devel-linux-x86_64-fedora-gcc | 0.1.2 | 51.17 | OK | |||
| r-devel-windows-x86_64 | 0.1.2 | 3.00 | 46.00 | 49.00 | OK | |
| r-patched-linux-x86_64 | 0.1.2 | 1.76 | 23.18 | 24.94 | OK | |
| r-release-linux-x86_64 | 0.1.2 | 1.81 | 23.15 | 24.96 | OK | |
| r-release-macos-arm64 | 0.1.2 | 1.00 | 29.00 | 30.00 | OK | |
| r-release-macos-x86_64 | 0.1.2 | 2.00 | 44.00 | 46.00 | OK | |
| r-release-windows-x86_64 | 0.1.2 | 3.00 | 49.00 | 52.00 | OK | |
| r-oldrel-macos-arm64 | 0.1.2 | 1.00 | 22.00 | 23.00 | NOTE | |
| r-oldrel-macos-x86_64 | 0.1.2 | 2.00 | 33.00 | 35.00 | NOTE | |
| r-oldrel-windows-x86_64 | 0.1.2 | 5.00 | 52.00 | 57.00 | NOTE |
Version: 0.1.2
Check: LazyData
Result: NOTE
'LazyData' is specified without a 'data' directory
Flavors: r-oldrel-macos-arm64, r-oldrel-macos-x86_64, r-oldrel-windows-x86_64
These binaries (installable software) and packages are in development.
They may not be fully stable and should be used with caution. We make no claims about them.