CRAN Package Check Results for Package bulkAnalyseR

Last updated on 2025-02-16 10:50:42 CET.

Flavor Version Tinstall Tcheck Ttotal Status Flags
r-devel-linux-x86_64-debian-clang 1.1.0 11.50 136.72 148.22 OK
r-devel-linux-x86_64-debian-gcc 1.1.0 6.13 94.24 100.37 OK
r-devel-linux-x86_64-fedora-clang 1.1.0 252.50 OK
r-devel-linux-x86_64-fedora-gcc 1.1.0 246.92 OK
r-devel-macos-arm64 1.1.0 70.00 ERROR
r-devel-macos-x86_64 1.1.0 106.00 ERROR
r-devel-windows-x86_64 1.1.0 13.00 176.00 189.00 OK
r-patched-linux-x86_64 1.1.0 10.36 125.41 135.77 OK
r-release-linux-x86_64 1.1.0 9.53 124.93 134.46 OK
r-release-macos-arm64 1.1.0 78.00 ERROR
r-release-macos-x86_64 1.1.0 105.00 NOTE
r-release-windows-x86_64 1.1.0 14.00 151.00 165.00 NOTE
r-oldrel-macos-arm64 1.1.0 7.00 ERROR
r-oldrel-macos-x86_64 1.1.0 151.00 NOTE
r-oldrel-windows-x86_64 1.1.0 19.00 192.00 211.00 NOTE

Additional issues

noSuggests

Check Details

Version: 1.1.0
Check: examples
Result: ERROR Running examples in ‘bulkAnalyseR-Ex.R’ failed The error most likely occurred in: > ### Name: DEanalysis > ### Title: Perform differential expression (DE) analysis on an expression > ### matrix > ### Aliases: DEanalysis DEanalysis_edger DEanalysis_deseq2 > > ### ** Examples > > expression.matrix.preproc <- as.matrix(read.csv( + system.file("extdata", "expression_matrix_preprocessed.csv", package = "bulkAnalyseR"), + row.names = 1 + ))[1:100, 1:4] > > anno <- AnnotationDbi::select( + getExportedValue('org.Mm.eg.db', 'org.Mm.eg.db'), + keys = rownames(expression.matrix.preproc), + keytype = 'ENSEMBL', + columns = 'SYMBOL' + ) %>% + dplyr::distinct(ENSEMBL, .keep_all = TRUE) %>% + dplyr::mutate(NAME = ifelse(is.na(SYMBOL), ENSEMBL, SYMBOL)) Error in (function (cond) : error in evaluating the argument 'x' in selecting a method for function 'select': there is no package called ‘org.Mm.eg.db’ Calls: %>% ... loadNamespace -> withRestarts -> withOneRestart -> doWithOneRestart Execution halted Flavors: r-devel-macos-arm64, r-devel-macos-x86_64, r-release-macos-arm64

Version: 1.1.0
Check: package dependencies
Result: NOTE Package suggested but not available for checking: ‘org.Mm.eg.db’ Flavors: r-release-macos-arm64, r-oldrel-macos-x86_64

Version: 1.1.0
Check: installed package size
Result: NOTE installed size is 6.2Mb sub-directories of 1Mb or more: doc 2.3Mb extdata 3.4Mb Flavors: r-release-macos-arm64, r-release-macos-x86_64, r-release-windows-x86_64, r-oldrel-macos-x86_64, r-oldrel-windows-x86_64

Version: 1.1.0
Check: package dependencies
Result: ERROR Package required but not available: ‘GENIE3’ Package suggested but not available for checking: ‘org.Mm.eg.db’ See section ‘The DESCRIPTION file’ in the ‘Writing R Extensions’ manual. Flavor: r-oldrel-macos-arm64

These binaries (installable software) and packages are in development.
They may not be fully stable and should be used with caution. We make no claims about them.