CRAN Package Check Results for Package bunchr

Last updated on 2025-05-08 04:52:00 CEST.

Flavor Version Tinstall Tcheck Ttotal Status Flags
r-devel-linux-x86_64-debian-clang 1.2.0 2.65 433.18 435.83 NOTE
r-devel-linux-x86_64-debian-gcc 1.2.0 1.94 288.41 290.35 NOTE
r-devel-linux-x86_64-fedora-clang 1.2.0 688.34 NOTE
r-devel-linux-x86_64-fedora-gcc 1.2.0 696.72 NOTE
r-devel-windows-x86_64 1.2.0 4.00 279.00 283.00 NOTE --no-vignettes
r-patched-linux-x86_64 1.2.0 2.91 410.60 413.51 NOTE
r-release-linux-x86_64 1.2.0 2.35 411.38 413.73 NOTE
r-release-macos-arm64 1.2.0 220.00 NOTE
r-release-macos-x86_64 1.2.0 506.00 NOTE
r-release-windows-x86_64 1.2.0 5.00 254.00 259.00 NOTE --no-vignettes
r-oldrel-macos-arm64 1.2.0 183.00 NOTE
r-oldrel-macos-x86_64 1.2.0 318.00 NOTE
r-oldrel-windows-x86_64 1.2.0 6.00 338.00 344.00 NOTE --no-vignettes

Check Details

Version: 1.2.0
Check: Rd files
Result: NOTE checkRd: (-1) kink_estimator.Rd:60: Escaped LaTeX specials: \$ Flavors: r-devel-linux-x86_64-debian-clang, r-devel-linux-x86_64-debian-gcc, r-devel-linux-x86_64-fedora-clang, r-devel-linux-x86_64-fedora-gcc, r-patched-linux-x86_64, r-release-linux-x86_64, r-release-macos-arm64, r-release-macos-x86_64, r-oldrel-macos-arm64, r-oldrel-macos-x86_64

Version: 1.2.0
Flags: --no-vignettes
Check: Rd files
Result: NOTE checkRd: (-1) kink_estimator.Rd:60: Escaped LaTeX specials: \$ Flavors: r-devel-windows-x86_64, r-release-windows-x86_64, r-oldrel-windows-x86_64

Version: 1.2.0
Check: LazyData
Result: NOTE 'LazyData' is specified without a 'data' directory Flavors: r-oldrel-macos-arm64, r-oldrel-macos-x86_64

Version: 1.2.0
Flags: --no-vignettes
Check: LazyData
Result: NOTE 'LazyData' is specified without a 'data' directory Flavor: r-oldrel-windows-x86_64

These binaries (installable software) and packages are in development.
They may not be fully stable and should be used with caution. We make no claims about them.