CRAN Package Check Results for Package bupaR

Last updated on 2025-10-23 11:50:08 CEST.

Flavor Version Tinstall Tcheck Ttotal Status Flags
r-devel-linux-x86_64-debian-clang 0.5.5 14.22 111.69 125.91 NOTE
r-devel-linux-x86_64-debian-gcc 0.5.5 8.60 79.03 87.63 OK
r-devel-linux-x86_64-fedora-clang 0.5.5 63.00 157.08 220.08 OK
r-devel-linux-x86_64-fedora-gcc 0.5.5 26.00 152.45 178.45 OK
r-devel-windows-x86_64 0.5.5 15.00 119.00 134.00 OK
r-patched-linux-x86_64 0.5.5 14.98 102.83 117.81 OK
r-release-linux-x86_64 0.5.5 12.12 105.38 117.50 OK
r-release-macos-arm64 0.5.5 5.00 38.00 43.00 OK
r-release-macos-x86_64 0.5.5 11.00 80.00 91.00 OK
r-release-windows-x86_64 0.5.5 17.00 120.00 137.00 OK
r-oldrel-macos-arm64 0.5.5 7.00 43.00 50.00 OK
r-oldrel-macos-x86_64 0.5.5 10.00 86.00 96.00 OK
r-oldrel-windows-x86_64 0.5.5 21.00 153.00 174.00 OK

Check Details

Version: 0.5.5
Check: HTML version of manual
Result: NOTE Found the following HTML validation problems: activities_to_eventlog.html:80:1 (activities_to_eventlog.Rd:32): Warning: missing </ul> before </div> activitylog.html:74:1 (activitylog.Rd:28): Warning: missing </ul> before </div> as.grouped.data.frame.html:50:1 (as.grouped.data.frame.Rd:12): Warning: missing </ul> before </div> detect_resource_inconsistencies.html:50:1 (detect_resource_inconsistencies.Rd:12): Warning: missing </ul> before </div> durations.html:61:1 (durations.Rd:20): Warning: missing </ul> before </div> events_to_activitylog.html:84:1 (events_to_activitylog.Rd:34): Warning: missing </ul> before </div> fill.html:56:1 (fill.Rd:16): Warning: missing </ul> before </div> filter.html:64:1 (filter.Rd:22): Warning: missing </ul> before </div> group_by.html:60:1 (group_by.Rd:18): Warning: missing </ul> before </div> group_by_activity.html:47:1 (group_by_activity.Rd:11): Warning: missing </ul> before </div> group_by_activity_instance.html:47:1 (group_by_activity_instance.Rd:11): Warning: missing </ul> before </div> group_by_case.html:47:1 (group_by_case.Rd:11): Warning: missing </ul> before </div> group_by_resource.html:47:1 (group_by_resource.Rd:11): Warning: missing </ul> before </div> group_by_resource_activity.html:47:1 (group_by_resource_activity.Rd:11): Warning: missing </ul> before </div> mutate.html:52:1 (mutate.Rd:14): Warning: missing </ul> before </div> print.eventlog_mapping.html:51:1 (print.eventlog_mapping.Rd:12): Warning: missing </ul> before </div> print.log.html:51:1 (print.log.Rd:12): Warning: missing </ul> before </div> re_map.html:50:1 (re_map.Rd:12): Warning: missing </ul> before </div> scale_fill_discrete_bupaR.html:111:1 (scale_fill_discrete_bupaR.Rd:74): Warning: missing </ul> before </div> slice_activities.html:50:1 (slice_activities.Rd:12): Warning: missing </ul> before </div> slice_events.html:50:1 (slice_events.Rd:12): Warning: missing </ul> before </div> to_activitylog.html:46:1 (to_activitylog.Rd:10): Warning: missing </ul> before </div> Flavor: r-devel-linux-x86_64-debian-clang

These binaries (installable software) and packages are in development.
They may not be fully stable and should be used with caution. We make no claims about them.