CRAN Package Check Results for Package burgle

Last updated on 2025-02-19 16:50:42 CET.

Flavor Version Tinstall Tcheck Ttotal Status Flags
r-devel-linux-x86_64-debian-clang 0.1.2 10.40 55.29 65.69 OK
r-devel-linux-x86_64-debian-gcc 0.1.2 6.61 38.44 45.05 OK
r-devel-linux-x86_64-fedora-clang 0.1.2 101.62 OK
r-devel-linux-x86_64-fedora-gcc 0.1.2 96.34 OK
r-devel-macos-arm64 0.1.2 35.00 OK
r-devel-macos-x86_64 0.1.2 55.00 OK
r-devel-windows-x86_64 0.1.2 11.00 69.00 80.00 OK
r-patched-linux-x86_64 0.1.2 9.04 51.42 60.46 OK
r-release-linux-x86_64 0.1.2 9.76 50.47 60.23 OK
r-release-macos-arm64 0.1.2 29.00 OK
r-release-macos-x86_64 0.1.2 52.00 OK
r-release-windows-x86_64 0.1.2 10.00 4.00 14.00 FAIL
r-oldrel-macos-arm64 0.1.2 34.00 OK
r-oldrel-macos-x86_64 0.1.2 51.00 OK
r-oldrel-windows-x86_64 0.1.2 17.00 109.00 126.00 OK

Check Details

Version: 0.1.2
Check: package dependencies
Result: FAIL
Flavor: r-release-windows-x86_64

These binaries (installable software) and packages are in development.
They may not be fully stable and should be used with caution. We make no claims about them.