Last updated on 2025-05-01 12:49:24 CEST.
Flavor | Version | Tinstall | Tcheck | Ttotal | Status | Flags |
---|---|---|---|---|---|---|
r-devel-linux-x86_64-debian-clang | 0.6.1 | 4.81 | 89.64 | 94.45 | NOTE | |
r-devel-linux-x86_64-debian-gcc | 0.6.1 | 3.73 | 61.86 | 65.59 | NOTE | |
r-devel-linux-x86_64-fedora-clang | 0.6.1 | 145.49 | OK | |||
r-devel-linux-x86_64-fedora-gcc | 0.6.1 | 151.43 | OK | |||
r-devel-windows-x86_64 | 0.6.1 | 9.00 | 111.00 | 120.00 | OK | |
r-patched-linux-x86_64 | 0.6.1 | 6.79 | 81.94 | 88.73 | OK | |
r-release-linux-x86_64 | OK | |||||
r-release-macos-arm64 | 0.6.1 | 49.00 | OK | |||
r-release-macos-x86_64 | 0.6.1 | 124.00 | OK | |||
r-release-windows-x86_64 | 0.6.1 | 8.00 | 116.00 | 124.00 | OK | |
r-oldrel-macos-arm64 | 0.6.1 | 48.00 | OK | |||
r-oldrel-macos-x86_64 | 0.6.1 | 70.00 | OK | |||
r-oldrel-windows-x86_64 | 0.6.1 | 10.00 | 133.00 | 143.00 | OK |
Version: 0.6.1
Check: CRAN incoming feasibility
Result: NOTE
Maintainer: ‘Steven Malevich <sbmalev@gmail.com>’
Package CITATION file contains call(s) to old-style personList() or
as.personList(). Please use c() on person objects instead.
Package CITATION file contains call(s) to old-style citEntry(). Please
use bibentry() instead.
Flavors: r-devel-linux-x86_64-debian-clang, r-devel-linux-x86_64-debian-gcc
These binaries (installable software) and packages are in development.
They may not be fully stable and should be used with caution. We make no claims about them.