CRAN Package Check Results for Package busdater

Last updated on 2025-05-08 04:52:00 CEST.

Flavor Version Tinstall Tcheck Ttotal Status Flags
r-devel-linux-x86_64-debian-clang 0.2.0 2.36 33.31 35.67 OK
r-devel-linux-x86_64-debian-gcc 0.2.0 2.15 26.81 28.96 OK
r-devel-linux-x86_64-fedora-clang 0.2.0 60.11 OK
r-devel-linux-x86_64-fedora-gcc 0.2.0 69.61 OK
r-devel-windows-x86_64 0.2.0 4.00 53.00 57.00 OK
r-patched-linux-x86_64 0.2.0 2.55 32.54 35.09 OK
r-release-linux-x86_64 0.2.0 2.78 32.19 34.97 OK
r-release-macos-arm64 0.2.0 38.00 OK
r-release-macos-x86_64 0.2.0 63.00 OK
r-release-windows-x86_64 0.2.0 4.00 56.00 60.00 OK
r-oldrel-macos-arm64 0.2.0 27.00 NOTE
r-oldrel-macos-x86_64 0.2.0 51.00 NOTE
r-oldrel-windows-x86_64 0.2.0 4.00 60.00 64.00 NOTE

Check Details

Version: 0.2.0
Check: LazyData
Result: NOTE 'LazyData' is specified without a 'data' directory Flavors: r-oldrel-macos-arm64, r-oldrel-macos-x86_64, r-oldrel-windows-x86_64

These binaries (installable software) and packages are in development.
They may not be fully stable and should be used with caution. We make no claims about them.