CRAN Package Check Results for Package busdater

Last updated on 2025-07-27 01:48:17 CEST.

Flavor Version Tinstall Tcheck Ttotal Status Flags
r-devel-linux-x86_64-debian-clang 0.2.0 2.75 33.69 36.44 OK
r-devel-linux-x86_64-debian-gcc 0.2.0 2.00 27.20 29.20 OK
r-devel-linux-x86_64-fedora-clang 0.2.0 58.75 OK
r-devel-linux-x86_64-fedora-gcc 0.2.0 69.45 OK
r-devel-windows-x86_64 0.2.0 4.00 63.00 67.00 OK
r-patched-linux-x86_64 0.2.0 2.89 32.77 35.66 OK
r-release-linux-x86_64 0.2.0 2.29 32.23 34.52 OK
r-release-macos-arm64 0.2.0 38.00 OK
r-release-macos-x86_64 0.2.0 63.00 OK
r-release-windows-x86_64 0.2.0 3.00 52.00 55.00 OK
r-oldrel-macos-arm64 0.2.0 27.00 NOTE
r-oldrel-macos-x86_64 0.2.0 51.00 NOTE
r-oldrel-windows-x86_64 0.2.0 4.00 64.00 68.00 NOTE

Check Details

Version: 0.2.0
Check: LazyData
Result: NOTE 'LazyData' is specified without a 'data' directory Flavors: r-oldrel-macos-arm64, r-oldrel-macos-x86_64, r-oldrel-windows-x86_64

These binaries (installable software) and packages are in development.
They may not be fully stable and should be used with caution. We make no claims about them.