Last updated on 2025-10-23 11:50:08 CEST.
Flavor | Version | Tinstall | Tcheck | Ttotal | Status | Flags |
---|---|---|---|---|---|---|
r-devel-linux-x86_64-debian-clang | 0.3.6 | 2.98 | 115.93 | 118.91 | NOTE | |
r-devel-linux-x86_64-debian-gcc | 0.3.6 | 2.17 | 80.13 | 82.30 | OK | |
r-devel-linux-x86_64-fedora-clang | 0.3.6 | 17.00 | 174.73 | 191.73 | OK | |
r-devel-linux-x86_64-fedora-gcc | 0.3.6 | 19.00 | 187.50 | 206.50 | OK | |
r-devel-windows-x86_64 | 0.3.6 | 5.00 | 139.00 | 144.00 | OK | |
r-patched-linux-x86_64 | 0.3.6 | 4.70 | 110.76 | 115.46 | OK | |
r-release-linux-x86_64 | 0.3.6 | 3.10 | 110.90 | 114.00 | OK | |
r-release-macos-arm64 | 0.3.6 | 2.00 | 66.00 | 68.00 | OK | |
r-release-macos-x86_64 | 0.3.6 | 3.00 | 132.00 | 135.00 | OK | |
r-release-windows-x86_64 | 0.3.6 | 6.00 | 140.00 | 146.00 | OK | |
r-oldrel-macos-arm64 | 0.3.6 | 2.00 | 88.00 | 90.00 | OK | |
r-oldrel-macos-x86_64 | 0.3.6 | 5.00 | 143.00 | 148.00 | OK | |
r-oldrel-windows-x86_64 | 0.3.6 | 7.00 | 174.00 | 181.00 | OK |
Version: 0.3.6
Check: HTML version of manual
Result: NOTE
Found the following HTML validation problems:
butcher_example.html:48:1 (butcher_example.Rd:10): Warning: missing </ul> before </div>
new_model_butcher.html:71:1 (new_model_butcher.Rd:17): Warning: missing </ul> before </div>
ui.html:54:1 (ui.Rd:16): Warning: missing </ul> before </div>
Flavor: r-devel-linux-x86_64-debian-clang
These binaries (installable software) and packages are in development.
They may not be fully stable and should be used with caution. We make no claims about them.