Last updated on 2025-02-19 16:50:42 CET.
Flavor | Version | Tinstall | Tcheck | Ttotal | Status | Flags |
---|---|---|---|---|---|---|
r-devel-linux-x86_64-debian-clang | 0.3.4 | 3.99 | 110.58 | 114.57 | OK | |
r-devel-linux-x86_64-debian-gcc | 0.3.4 | 2.45 | 76.77 | 79.22 | OK | |
r-devel-linux-x86_64-fedora-clang | 0.3.4 | 188.57 | OK | |||
r-devel-linux-x86_64-fedora-gcc | 0.3.4 | 197.66 | OK | |||
r-devel-macos-arm64 | 0.3.4 | 74.00 | OK | |||
r-devel-macos-x86_64 | 0.3.4 | 121.00 | OK | |||
r-devel-windows-x86_64 | 0.3.4 | 5.00 | 138.00 | 143.00 | OK | |
r-patched-linux-x86_64 | 0.3.4 | 5.71 | 105.41 | 111.12 | NOTE | |
r-release-linux-x86_64 | 0.3.4 | 3.38 | 104.62 | 108.00 | NOTE | |
r-release-macos-arm64 | 0.3.4 | 66.00 | OK | |||
r-release-macos-x86_64 | 0.3.4 | 94.00 | OK | |||
r-release-windows-x86_64 | 0.3.4 | 5.00 | 134.00 | 139.00 | OK | |
r-oldrel-macos-arm64 | 0.3.4 | 64.00 | OK | |||
r-oldrel-macos-x86_64 | 0.3.4 | 137.00 | OK | |||
r-oldrel-windows-x86_64 | 0.3.4 | 7.00 | 177.00 | 184.00 | OK |
Version: 0.3.4
Check: package dependencies
Result: NOTE
Package suggested but not available for checking: ‘dimRed’
Flavors: r-patched-linux-x86_64, r-release-linux-x86_64
These binaries (installable software) and packages are in development.
They may not be fully stable and should be used with caution. We make no claims about them.