Last updated on 2025-11-11 15:50:29 CET.
| Flavor | Version | Tinstall | Tcheck | Ttotal | Status | Flags |
|---|---|---|---|---|---|---|
| r-devel-linux-x86_64-debian-clang | 0.2.4 | 352.29 | 216.08 | 568.37 | NOTE | |
| r-devel-linux-x86_64-debian-gcc | 0.2.4 | 224.99 | 155.23 | 380.22 | NOTE | |
| r-devel-linux-x86_64-fedora-clang | 0.2.4 | 317.00 | 581.20 | 898.20 | OK | |
| r-devel-linux-x86_64-fedora-gcc | 0.2.4 | 338.00 | 594.30 | 932.30 | OK | |
| r-devel-windows-x86_64 | 0.2.4 | 362.00 | 243.00 | 605.00 | OK | |
| r-patched-linux-x86_64 | 0.2.4 | 346.96 | 203.65 | 550.61 | OK | |
| r-release-linux-x86_64 | 0.2.4 | 344.79 | 203.95 | 548.74 | OK | |
| r-release-macos-arm64 | 0.2.4 | 125.00 | 136.00 | 261.00 | OK | |
| r-release-macos-x86_64 | 0.2.4 | 99.00 | 247.00 | 346.00 | OK | |
| r-release-windows-x86_64 | 0.2.4 | 356.00 | 238.00 | 594.00 | OK | |
| r-oldrel-macos-arm64 | 0.2.4 | 109.00 | 120.00 | 229.00 | NOTE | |
| r-oldrel-macos-x86_64 | 0.2.4 | 95.00 | 172.00 | 267.00 | NOTE | |
| r-oldrel-windows-x86_64 | 0.2.4 | 430.00 | 292.00 | 722.00 | OK |
Version: 0.2.4
Check: DESCRIPTION meta-information
Result: NOTE
Author field differs from that derived from Authors@R
Author: ‘Franz X. Mohr [aut, cre] (0009-0003-8890-7781)’
Authors@R: ‘Franz X. Mohr [aut, cre] (ORCiD: 0009-0003-8890-7781)’
Flavors: r-devel-linux-x86_64-debian-clang, r-devel-linux-x86_64-debian-gcc
Version: 0.2.4
Check: installed package size
Result: NOTE
installed size is 22.4Mb
sub-directories of 1Mb or more:
libs 20.9Mb
Flavors: r-oldrel-macos-arm64, r-oldrel-macos-x86_64
These binaries (installable software) and packages are in development.
They may not be fully stable and should be used with caution. We make no claims about them.