Last updated on 2025-02-16 10:50:42 CET.
Flavor | Version | Tinstall | Tcheck | Ttotal | Status | Flags |
---|---|---|---|---|---|---|
r-devel-linux-x86_64-debian-clang | 0.2.4 | 354.09 | 211.18 | 565.27 | OK | |
r-devel-linux-x86_64-debian-gcc | 0.2.4 | 246.65 | 152.53 | 399.18 | OK | |
r-devel-linux-x86_64-fedora-clang | 0.2.4 | 936.52 | OK | |||
r-devel-linux-x86_64-fedora-gcc | 0.2.4 | 1072.70 | OK | |||
r-devel-macos-arm64 | 0.2.4 | 236.00 | OK | |||
r-devel-macos-x86_64 | 0.2.4 | 347.00 | OK | |||
r-devel-windows-x86_64 | 0.2.4 | 324.00 | 243.00 | 567.00 | OK | |
r-patched-linux-x86_64 | 0.2.4 | 341.67 | 198.53 | 540.20 | OK | |
r-release-linux-x86_64 | 0.2.4 | 346.54 | 197.93 | 544.47 | OK | |
r-release-macos-arm64 | 0.2.4 | 229.00 | NOTE | |||
r-release-macos-x86_64 | 0.2.4 | 267.00 | NOTE | |||
r-release-windows-x86_64 | 0.2.4 | 325.00 | 241.00 | 566.00 | OK | |
r-oldrel-macos-arm64 | 0.2.4 | 235.00 | NOTE | |||
r-oldrel-macos-x86_64 | 0.2.4 | 358.00 | NOTE | |||
r-oldrel-windows-x86_64 | 0.2.4 | 396.00 | 280.00 | 676.00 | OK |
Version: 0.2.4
Check: installed package size
Result: NOTE
installed size is 22.4Mb
sub-directories of 1Mb or more:
libs 20.9Mb
Flavors: r-release-macos-arm64, r-release-macos-x86_64, r-oldrel-macos-arm64, r-oldrel-macos-x86_64
These binaries (installable software) and packages are in development.
They may not be fully stable and should be used with caution. We make no claims about them.