CRAN Package Check Results for Package bvhar

Last updated on 2025-05-21 21:49:11 CEST.

Flavor Version Tinstall Tcheck Ttotal Status Flags
r-devel-linux-x86_64-debian-clang 2.2.2 391.98 157.91 549.89 OK
r-devel-linux-x86_64-debian-gcc 2.2.2 367.49 134.79 502.28 OK
r-devel-linux-x86_64-fedora-clang 2.2.2 985.10 OK
r-devel-linux-x86_64-fedora-gcc 2.2.2 1256.25 OK
r-devel-windows-x86_64 2.2.2 425.00 266.00 691.00 OK
r-patched-linux-x86_64 2.2.2 468.45 189.25 657.70 OK
r-release-linux-x86_64 2.2.2 473.70 185.36 659.06 OK
r-release-macos-arm64 2.2.2 309.00 OK
r-release-macos-x86_64 2.2.2 272.00 OK
r-release-windows-x86_64 2.2.2 422.00 224.00 646.00 OK
r-oldrel-macos-arm64 2.2.2 223.00 NOTE
r-oldrel-macos-x86_64 2.2.2 284.00 NOTE
r-oldrel-windows-x86_64 2.2.2 508.00 305.00 813.00 OK

Check Details

Version: 2.2.2
Check: installed package size
Result: NOTE installed size is 133.6Mb sub-directories of 1Mb or more: libs 131.6Mb Flavors: r-oldrel-macos-arm64, r-oldrel-macos-x86_64

These binaries (installable software) and packages are in development.
They may not be fully stable and should be used with caution. We make no claims about them.