Last updated on 2025-07-22 13:49:09 CEST.
Flavor | Version | Tinstall | Tcheck | Ttotal | Status | Flags |
---|---|---|---|---|---|---|
r-devel-linux-x86_64-debian-clang | 2.3.0 | 411.19 | 162.20 | 573.39 | OK | |
r-devel-linux-x86_64-debian-gcc | 2.3.0 | 386.74 | 150.02 | 536.76 | OK | |
r-devel-linux-x86_64-fedora-clang | 2.3.0 | 1040.04 | OK | |||
r-devel-linux-x86_64-fedora-gcc | 2.3.0 | 1226.33 | OK | |||
r-devel-windows-x86_64 | 2.3.0 | 438.00 | 238.00 | 676.00 | OK | |
r-patched-linux-x86_64 | 2.3.0 | 528.47 | 195.93 | 724.40 | OK | |
r-release-linux-x86_64 | 2.3.0 | 547.29 | 193.31 | 740.60 | OK | |
r-release-macos-arm64 | 2.3.0 | 232.00 | OK | |||
r-release-macos-x86_64 | 2.3.0 | 290.00 | OK | |||
r-release-windows-x86_64 | 2.3.0 | 457.00 | 227.00 | 684.00 | OK | |
r-oldrel-macos-arm64 | 2.3.0 | 282.00 | NOTE | |||
r-oldrel-macos-x86_64 | 2.3.0 | 284.00 | NOTE | |||
r-oldrel-windows-x86_64 | 2.3.0 | 548.00 | 312.00 | 860.00 | NOTE |
Version: 2.3.0
Check: installed package size
Result: NOTE
installed size is 142.8Mb
sub-directories of 1Mb or more:
libs 140.6Mb
Flavors: r-oldrel-macos-arm64, r-oldrel-macos-x86_64, r-oldrel-windows-x86_64
These binaries (installable software) and packages are in development.
They may not be fully stable and should be used with caution. We make no claims about them.