CRAN Package Check Results for Package bwd

Last updated on 2025-02-19 16:50:42 CET.

Flavor Version Tinstall Tcheck Ttotal Status Flags
r-devel-linux-x86_64-debian-clang 0.1.0 2.45 17.68 20.13 OK
r-devel-linux-x86_64-debian-gcc 0.1.0 2.04 14.39 16.43 OK
r-devel-linux-x86_64-fedora-clang 0.1.0 32.04 OK
r-devel-linux-x86_64-fedora-gcc 0.1.0 30.82 OK
r-devel-macos-arm64 0.1.0 18.00 OK
r-devel-macos-x86_64 0.1.0 26.00 OK
r-devel-windows-x86_64 0.1.0 5.00 44.00 49.00 OK
r-patched-linux-x86_64 0.1.0 2.49 16.90 19.39 NOTE
r-release-linux-x86_64 0.1.0 2.32 16.89 19.21 NOTE
r-release-macos-arm64 0.1.0 23.00 NOTE
r-release-macos-x86_64 0.1.0 23.00 NOTE
r-release-windows-x86_64 0.1.0 5.00 42.00 47.00 NOTE
r-oldrel-macos-arm64 0.1.0 17.00 NOTE
r-oldrel-macos-x86_64 0.1.0 22.00 NOTE
r-oldrel-windows-x86_64 0.1.0 9.00 43.00 52.00 NOTE

Check Details

Version: 0.1.0
Check: LazyData
Result: NOTE 'LazyData' is specified without a 'data' directory Flavors: r-patched-linux-x86_64, r-release-linux-x86_64, r-release-macos-arm64, r-release-macos-x86_64, r-release-windows-x86_64, r-oldrel-macos-arm64, r-oldrel-macos-x86_64, r-oldrel-windows-x86_64

These binaries (installable software) and packages are in development.
They may not be fully stable and should be used with caution. We make no claims about them.