Last updated on 2025-11-12 19:51:43 CET.
| Flavor | Version | Tinstall | Tcheck | Ttotal | Status | Flags |
|---|---|---|---|---|---|---|
| r-devel-linux-x86_64-debian-clang | 0.1.0 | 222.36 | 130.00 | 352.36 | OK | |
| r-devel-linux-x86_64-debian-gcc | 0.1.0 | 211.17 | 111.94 | 323.11 | OK | |
| r-devel-linux-x86_64-fedora-clang | 0.1.0 | 443.00 | 99.65 | 542.65 | NOTE | |
| r-devel-linux-x86_64-fedora-gcc | 0.1.0 | 600.00 | 86.72 | 686.72 | NOTE | |
| r-devel-windows-x86_64 | 0.1.0 | 269.00 | 162.00 | 431.00 | OK | |
| r-patched-linux-x86_64 | 0.1.0 | 272.26 | 144.89 | 417.15 | OK | |
| r-release-linux-x86_64 | 0.1.0 | 258.04 | 147.60 | 405.64 | OK | |
| r-release-macos-arm64 | 0.1.0 | 116.00 | 52.00 | 168.00 | OK | |
| r-release-macos-x86_64 | 0.1.0 | 196.00 | 162.00 | 358.00 | OK | |
| r-release-windows-x86_64 | 0.1.0 | 251.00 | 166.00 | 417.00 | OK | |
| r-oldrel-macos-arm64 | 0.1.0 | 46.00 | 30.00 | 76.00 | NOTE | |
| r-oldrel-macos-x86_64 | 0.1.0 | 55.00 | 49.00 | 104.00 | NOTE | |
| r-oldrel-windows-x86_64 | 0.1.0 | 299.00 | 206.00 | 505.00 | NOTE |
Version: 0.1.0
Check: dependencies in R code
Result: NOTE
Namespaces in Imports field not imported from:
‘RcppParallel’ ‘rstantools’
All declared Imports should be used.
Flavors: r-devel-linux-x86_64-fedora-clang, r-devel-linux-x86_64-fedora-gcc
Version: 0.1.0
Check: installed package size
Result: NOTE
installed size is 56.6Mb
sub-directories of 1Mb or more:
libs 56.2Mb
Flavors: r-oldrel-macos-arm64, r-oldrel-macos-x86_64
Version: 0.1.0
Check: for GNU extensions in Makefiles
Result: NOTE
GNU make is a SystemRequirements.
Flavors: r-oldrel-macos-arm64, r-oldrel-macos-x86_64, r-oldrel-windows-x86_64
These binaries (installable software) and packages are in development.
They may not be fully stable and should be used with caution. We make no claims about them.