Last updated on 2025-02-16 10:50:42 CET.
Flavor | Version | Tinstall | Tcheck | Ttotal | Status | Flags |
---|---|---|---|---|---|---|
r-devel-linux-x86_64-debian-clang | 0.1.0 | 210.20 | 112.53 | 322.73 | OK | |
r-devel-linux-x86_64-debian-gcc | 0.1.0 | 214.46 | 99.65 | 314.11 | OK | |
r-devel-linux-x86_64-fedora-clang | 0.1.0 | 540.00 | NOTE | |||
r-devel-linux-x86_64-fedora-gcc | 0.1.0 | 709.90 | NOTE | |||
r-devel-macos-arm64 | 0.1.0 | 140.00 | OK | |||
r-devel-macos-x86_64 | 0.1.0 | 358.00 | OK | |||
r-devel-windows-x86_64 | 0.1.0 | 218.00 | 155.00 | 373.00 | OK | |
r-patched-linux-x86_64 | 0.1.0 | 259.45 | 130.08 | 389.53 | NOTE | |
r-release-linux-x86_64 | 0.1.0 | 273.18 | 131.40 | 404.58 | NOTE | |
r-release-macos-arm64 | 0.1.0 | 76.00 | NOTE | |||
r-release-macos-x86_64 | 0.1.0 | 104.00 | NOTE | |||
r-release-windows-x86_64 | 0.1.0 | 213.00 | 167.00 | 380.00 | NOTE | |
r-oldrel-macos-arm64 | 0.1.0 | 133.00 | NOTE | |||
r-oldrel-macos-x86_64 | 0.1.0 | 214.00 | NOTE | |||
r-oldrel-windows-x86_64 | 0.1.0 | 300.00 | 184.00 | 484.00 | NOTE |
Version: 0.1.0
Check: dependencies in R code
Result: NOTE
Namespaces in Imports field not imported from:
‘RcppParallel’ ‘rstantools’
All declared Imports should be used.
Flavors: r-devel-linux-x86_64-fedora-clang, r-devel-linux-x86_64-fedora-gcc
Version: 0.1.0
Check: for GNU extensions in Makefiles
Result: NOTE
GNU make is a SystemRequirements.
Flavors: r-patched-linux-x86_64, r-release-linux-x86_64, r-release-macos-arm64, r-release-macos-x86_64, r-release-windows-x86_64, r-oldrel-macos-arm64, r-oldrel-macos-x86_64, r-oldrel-windows-x86_64
Version: 0.1.0
Check: installed package size
Result: NOTE
installed size is 56.6Mb
sub-directories of 1Mb or more:
libs 56.2Mb
Flavors: r-release-macos-arm64, r-release-macos-x86_64, r-oldrel-macos-arm64, r-oldrel-macos-x86_64
These binaries (installable software) and packages are in development.
They may not be fully stable and should be used with caution. We make no claims about them.