Last updated on 2025-05-21 23:48:38 CEST.
Flavor | Version | Tinstall | Tcheck | Ttotal | Status | Flags |
---|---|---|---|---|---|---|
r-devel-linux-x86_64-debian-clang | 1.2.0 | 2.28 | 167.95 | 170.23 | NOTE | |
r-devel-linux-x86_64-debian-gcc | 1.2.0 | 2.23 | 106.36 | 108.59 | NOTE | |
r-devel-linux-x86_64-fedora-clang | 1.2.0 | 267.73 | NOTE | |||
r-devel-linux-x86_64-fedora-gcc | 1.2.0 | 268.95 | NOTE | |||
r-devel-windows-x86_64 | 1.2.0 | 4.00 | 160.00 | 164.00 | NOTE | |
r-patched-linux-x86_64 | 1.2.0 | 2.93 | 159.83 | 162.76 | NOTE | |
r-release-linux-x86_64 | 1.2.0 | 2.40 | 156.98 | 159.38 | NOTE | |
r-release-macos-arm64 | 1.2.0 | 203.00 | NOTE | |||
r-release-macos-x86_64 | 1.2.0 | 319.00 | NOTE | |||
r-release-windows-x86_64 | 1.2.0 | 5.00 | 147.00 | 152.00 | NOTE | |
r-oldrel-macos-arm64 | 1.2.0 | 80.00 | NOTE | |||
r-oldrel-macos-x86_64 | 1.2.0 | 213.00 | NOTE | |||
r-oldrel-windows-x86_64 | 1.2.0 | 6.00 | 226.00 | 232.00 | NOTE |
Version: 1.2.0
Check: package subdirectories
Result: NOTE
Problems with news in ‘NEWS.md’:
No news entries found.
Flavors: r-devel-linux-x86_64-debian-clang, r-devel-linux-x86_64-debian-gcc, r-devel-linux-x86_64-fedora-clang, r-devel-linux-x86_64-fedora-gcc, r-devel-windows-x86_64, r-patched-linux-x86_64, r-release-linux-x86_64, r-release-macos-arm64, r-release-macos-x86_64, r-release-windows-x86_64, r-oldrel-macos-arm64, r-oldrel-macos-x86_64, r-oldrel-windows-x86_64
These binaries (installable software) and packages are in development.
They may not be fully stable and should be used with caution. We make no claims about them.