CRAN Package Check Results for Package bysykkel

Last updated on 2025-11-13 21:49:53 CET.

Flavor Version Tinstall Tcheck Ttotal Status Flags
r-devel-linux-x86_64-debian-clang 0.3.1 4.86 42.60 47.46 OK
r-devel-linux-x86_64-debian-gcc 0.3.1 4.05 31.91 35.96 OK
r-devel-linux-x86_64-fedora-clang 0.3.1 14.00 57.62 71.62 OK
r-devel-linux-x86_64-fedora-gcc 0.3.1 68.81 OK
r-devel-windows-x86_64 0.3.1 6.00 55.00 61.00 OK
r-patched-linux-x86_64 0.3.1 4.95 39.29 44.24 OK
r-release-linux-x86_64 0.3.1 4.93 39.50 44.43 OK
r-release-macos-arm64 0.3.1 3.00 24.00 27.00 OK
r-release-macos-x86_64 0.3.1 5.00 40.00 45.00 OK
r-release-windows-x86_64 0.3.1 7.00 53.00 60.00 OK
r-oldrel-macos-arm64 0.3.1 2.00 21.00 23.00 NOTE
r-oldrel-macos-x86_64 0.3.1 5.00 31.00 36.00 NOTE
r-oldrel-windows-x86_64 0.3.1 11.00 67.00 78.00 NOTE

Check Details

Version: 0.3.1
Check: LazyData
Result: NOTE 'LazyData' is specified without a 'data' directory Flavors: r-oldrel-macos-arm64, r-oldrel-macos-x86_64, r-oldrel-windows-x86_64

These binaries (installable software) and packages are in development.
They may not be fully stable and should be used with caution. We make no claims about them.