CRAN Package Check Results for Package bysykkel

Last updated on 2025-07-27 01:48:17 CEST.

Flavor Version Tinstall Tcheck Ttotal Status Flags
r-devel-linux-x86_64-debian-clang 0.3.1 4.49 41.75 46.24 OK
r-devel-linux-x86_64-debian-gcc 0.3.1 3.76 31.58 35.34 OK
r-devel-linux-x86_64-fedora-clang 0.3.1 70.33 OK
r-devel-linux-x86_64-fedora-gcc 0.3.1 67.59 OK
r-devel-windows-x86_64 0.3.1 6.00 61.00 67.00 OK
r-patched-linux-x86_64 0.3.1 4.63 38.35 42.98 OK
r-release-linux-x86_64 0.3.1 5.15 38.17 43.32 OK
r-release-macos-arm64 0.3.1 27.00 OK
r-release-macos-x86_64 0.3.1 45.00 OK
r-release-windows-x86_64 0.3.1 6.00 56.00 62.00 OK
r-oldrel-macos-arm64 0.3.1 23.00 NOTE
r-oldrel-macos-x86_64 0.3.1 36.00 NOTE
r-oldrel-windows-x86_64 0.3.1 7.00 70.00 77.00 NOTE

Check Details

Version: 0.3.1
Check: LazyData
Result: NOTE 'LazyData' is specified without a 'data' directory Flavors: r-oldrel-macos-arm64, r-oldrel-macos-x86_64, r-oldrel-windows-x86_64

These binaries (installable software) and packages are in development.
They may not be fully stable and should be used with caution. We make no claims about them.