Last updated on 2025-10-03 17:48:29 CEST.
Flavor | Version | Tinstall | Tcheck | Ttotal | Status | Flags |
---|---|---|---|---|---|---|
r-devel-linux-x86_64-debian-clang | 0.4-0 | 8.85 | 75.09 | 83.94 | OK | |
r-devel-linux-x86_64-debian-gcc | 0.4-0 | 5.62 | 55.47 | 61.09 | OK | |
r-devel-linux-x86_64-fedora-clang | 0.4-0 | 128.04 | OK | |||
r-devel-linux-x86_64-fedora-gcc | 0.4-0 | 129.69 | OK | |||
r-devel-windows-x86_64 | 0.4-0 | 10.00 | 89.00 | 99.00 | OK | |
r-patched-linux-x86_64 | 0.4-0 | 8.56 | 70.25 | 78.81 | OK | |
r-release-linux-x86_64 | 0.4-0 | 8.09 | 69.33 | 77.42 | OK | |
r-release-macos-arm64 | 0.4-0 | 41.00 | OK | |||
r-release-macos-x86_64 | 0.4-0 | 82.00 | OK | |||
r-release-windows-x86_64 | 0.4-0 | 11.00 | 87.00 | 98.00 | OK | |
r-oldrel-macos-arm64 | 0.4-0 | 44.00 | OK | |||
r-oldrel-macos-x86_64 | 0.4-0 | 100.00 | OK | |||
r-oldrel-windows-x86_64 | 0.4-0 | 13.00 | 110.00 | 123.00 | FAIL |
Version: 0.4-0
Check: HTML version of manual
Result: FAIL
Flavor: r-oldrel-windows-x86_64
These binaries (installable software) and packages are in development.
They may not be fully stable and should be used with caution. We make no claims about them.