CRAN Package Check Results for Package c3dr

Last updated on 2025-07-25 01:49:23 CEST.

Flavor Version Tinstall Tcheck Ttotal Status Flags
r-devel-linux-x86_64-debian-clang 0.1.5 87.08 57.65 144.73 OK
r-devel-linux-x86_64-debian-gcc 0.1.5 60.65 42.68 103.33 OK
r-devel-linux-x86_64-fedora-clang 0.1.5 293.55 OK
r-devel-linux-x86_64-fedora-gcc 0.1.5 262.26 OK
r-devel-windows-x86_64 0.1.5 102.00 114.00 216.00 OK
r-patched-linux-x86_64 0.1.5 86.32 54.05 140.37 OK
r-release-linux-x86_64 0.1.5 83.79 53.45 137.24 OK
r-release-macos-arm64 0.1.5 107.00 OK
r-release-macos-x86_64 0.1.5 112.00 OK
r-release-windows-x86_64 0.1.5 100.00 103.00 203.00 OK
r-oldrel-macos-arm64 0.1.5 78.00 NOTE
r-oldrel-macos-x86_64 0.1.5 100.00 NOTE
r-oldrel-windows-x86_64 0.1.5 97.00 124.00 221.00 OK

Check Details

Version: 0.1.5
Check: installed package size
Result: NOTE installed size is 8.3Mb sub-directories of 1Mb or more: extdata 1.2Mb libs 6.9Mb Flavors: r-oldrel-macos-arm64, r-oldrel-macos-x86_64

These binaries (installable software) and packages are in development.
They may not be fully stable and should be used with caution. We make no claims about them.