CRAN Package Check Results for Package c3dr

Last updated on 2025-05-21 21:49:11 CEST.

Flavor Version Tinstall Tcheck Ttotal Status Flags
r-devel-linux-x86_64-debian-gcc 0.1.4 61.65 41.65 103.30 OK
r-devel-linux-x86_64-fedora-clang 0.1.4 304.48 OK
r-devel-linux-x86_64-fedora-gcc 0.1.4 150.32 ERROR
r-devel-windows-x86_64 0.1.4 101.00 116.00 217.00 OK
r-patched-linux-x86_64 0.1.4 86.66 53.80 140.46 OK
r-release-macos-arm64 0.1.4 86.00 OK
r-release-macos-x86_64 0.1.4 148.00 OK
r-release-windows-x86_64 0.1.4 105.00 117.00 222.00 OK
r-oldrel-macos-arm64 0.1.4 91.00 NOTE
r-oldrel-macos-x86_64 0.1.4 136.00 NOTE

Check Details

Version: 0.1.4
Check: whether package can be installed
Result: ERROR Installation failed. Flavor: r-devel-linux-x86_64-fedora-gcc

Version: 0.1.4
Check: installed package size
Result: NOTE installed size is 8.3Mb sub-directories of 1Mb or more: extdata 1.2Mb libs 6.9Mb Flavors: r-oldrel-macos-arm64, r-oldrel-macos-x86_64

These binaries (installable software) and packages are in development.
They may not be fully stable and should be used with caution. We make no claims about them.