Last updated on 2025-10-23 23:49:24 CEST.
| Flavor | Version | Tinstall | Tcheck | Ttotal | Status | Flags |
|---|---|---|---|---|---|---|
| r-devel-linux-x86_64-debian-clang | 1.1.1.1 | 3.17 | 48.97 | 52.14 | NOTE | |
| r-devel-linux-x86_64-debian-gcc | 1.1.1.1 | 2.18 | 36.96 | 39.14 | NOTE | |
| r-devel-linux-x86_64-fedora-clang | 1.1.1.1 | 77.72 | OK | |||
| r-devel-linux-x86_64-fedora-gcc | 1.1.1.1 | 76.06 | OK | |||
| r-devel-windows-x86_64 | 1.1.1.1 | 5.00 | 119.00 | 124.00 | OK | |
| r-patched-linux-x86_64 | 1.1.1.1 | 3.30 | 46.21 | 49.51 | OK | |
| r-release-linux-x86_64 | 1.1.1.1 | 3.07 | 47.10 | 50.17 | OK | |
| r-release-macos-arm64 | 1.1.1.1 | 1.00 | 81.00 | 82.00 | OK | |
| r-release-macos-x86_64 | 1.1.1.1 | 4.00 | 99.00 | 103.00 | OK | |
| r-release-windows-x86_64 | 1.1.1.1 | 4.00 | 94.00 | 98.00 | OK | |
| r-oldrel-macos-arm64 | 1.1.1.1 | 2.00 | 41.00 | 43.00 | OK | |
| r-oldrel-macos-x86_64 | 1.1.1.1 | 4.00 | 63.00 | 67.00 | OK | |
| r-oldrel-windows-x86_64 | 1.1.1.1 | 5.00 | 108.00 | 113.00 | OK |
Version: 1.1.1.1
Check: CRAN incoming feasibility
Result: NOTE
Maintainer: ‘Gokmen Altay <altayscience@gmail.com>’
No Authors@R field in DESCRIPTION.
Please add one, modifying
Authors@R: c(person(given = "Gokmen",
family = "Altay",
role = c("aut", "cre"),
email = "altayscience@gmail.com"),
person(given = "Frank",
family = "Emmert-Streib",
role = "aut"))
as necessary.
Package CITATION file contains call(s) to old-style citEntry(). Please
use bibentry() instead.
Flavors: r-devel-linux-x86_64-debian-clang, r-devel-linux-x86_64-debian-gcc
These binaries (installable software) and packages are in development.
They may not be fully stable and should be used with caution. We make no claims about them.