Last updated on 2025-10-23 15:49:50 CEST.
Flavor | Version | Tinstall | Tcheck | Ttotal | Status | Flags |
---|---|---|---|---|---|---|
r-devel-linux-x86_64-debian-clang | 1.1.1 | 3.22 | 29.92 | 33.14 | NOTE | |
r-devel-linux-x86_64-debian-gcc | 1.1.1 | 2.46 | 22.76 | 25.22 | NOTE | |
r-devel-linux-x86_64-fedora-clang | 1.1.1 | 50.50 | OK | |||
r-devel-linux-x86_64-fedora-gcc | 1.1.1 | 47.73 | OK | |||
r-devel-windows-x86_64 | 1.1.1 | 5.00 | 53.00 | 58.00 | OK | |
r-patched-linux-x86_64 | 1.1.1 | 3.29 | 27.86 | 31.15 | OK | |
r-release-linux-x86_64 | 1.1.1 | 3.05 | 27.72 | 30.77 | OK | |
r-release-macos-arm64 | 1.1.1 | 1.00 | 18.00 | 19.00 | OK | |
r-release-macos-x86_64 | 1.1.1 | 4.00 | 37.00 | 41.00 | OK | |
r-release-windows-x86_64 | 1.1.1 | 4.00 | 54.00 | 58.00 | OK | |
r-oldrel-macos-arm64 | 1.1.1 | 1.00 | 24.00 | 25.00 | NOTE | |
r-oldrel-macos-x86_64 | 1.1.1 | 2.00 | 25.00 | 27.00 | NOTE | |
r-oldrel-windows-x86_64 | 1.1.1 | 7.00 | 60.00 | 67.00 | OK |
Version: 1.1.1
Check: CRAN incoming feasibility
Result: NOTE
Maintainer: ‘Daniel Kaschek <daniel.kaschek@gmail.com>’
No Authors@R field in DESCRIPTION.
Please add one, modifying
Authors@R: person(given = "Daniel",
family = "Kaschek",
role = c("aut", "cre"),
email = "daniel.kaschek@gmail.com")
as necessary.
Flavors: r-devel-linux-x86_64-debian-clang, r-devel-linux-x86_64-debian-gcc
Version: 1.1.1
Check: package dependencies
Result: NOTE
Package suggested but not available for checking: ‘bvpSolve’
Flavors: r-oldrel-macos-arm64, r-oldrel-macos-x86_64
These binaries (installable software) and packages are in development.
They may not be fully stable and should be used with caution. We make no claims about them.