Last updated on 2025-02-16 10:50:43 CET.
Flavor | Version | Tinstall | Tcheck | Ttotal | Status | Flags |
---|---|---|---|---|---|---|
r-devel-linux-x86_64-debian-clang | 1.0 | 19.72 | 25.33 | 45.05 | NOTE | |
r-devel-linux-x86_64-debian-gcc | 1.0 | 13.70 | 20.66 | 34.36 | NOTE | |
r-devel-linux-x86_64-fedora-clang | 1.0 | 86.31 | NOTE | |||
r-devel-linux-x86_64-fedora-gcc | 1.0 | 97.56 | NOTE | |||
r-devel-macos-arm64 | 1.0 | 32.00 | NOTE | |||
r-devel-macos-x86_64 | 1.0 | 51.00 | NOTE | |||
r-devel-windows-x86_64 | 1.0 | 25.00 | 62.00 | 87.00 | NOTE | |
r-patched-linux-x86_64 | 1.0 | 20.84 | 24.59 | 45.43 | NOTE | |
r-release-linux-x86_64 | 1.0 | 19.17 | 24.45 | 43.62 | NOTE | |
r-release-macos-arm64 | 1.0 | 32.00 | NOTE | |||
r-release-macos-x86_64 | 1.0 | 43.00 | NOTE | |||
r-release-windows-x86_64 | 1.0 | 23.00 | 63.00 | 86.00 | NOTE | |
r-oldrel-macos-arm64 | 1.0 | 30.00 | NOTE | |||
r-oldrel-macos-x86_64 | 1.0 | 54.00 | NOTE | |||
r-oldrel-windows-x86_64 | 1.0 | 29.00 | 69.00 | 98.00 | NOTE |
Version: 1.0
Check: C++ specification
Result: NOTE
Specified C++11: please drop specification unless essential
Flavors: r-devel-linux-x86_64-debian-clang, r-devel-linux-x86_64-debian-gcc, r-devel-linux-x86_64-fedora-clang, r-devel-linux-x86_64-fedora-gcc, r-devel-macos-arm64, r-devel-macos-x86_64, r-devel-windows-x86_64, r-patched-linux-x86_64, r-release-linux-x86_64, r-release-macos-arm64, r-release-macos-x86_64, r-release-windows-x86_64, r-oldrel-macos-arm64, r-oldrel-macos-x86_64, r-oldrel-windows-x86_64
These binaries (installable software) and packages are in development.
They may not be fully stable and should be used with caution. We make no claims about them.