Last updated on 2025-05-08 04:52:02 CEST.
Flavor | Version | Tinstall | Tcheck | Ttotal | Status | Flags |
---|---|---|---|---|---|---|
r-devel-linux-x86_64-debian-clang | 1.0.1 | 1.56 | 28.58 | 30.14 | NOTE | |
r-devel-linux-x86_64-debian-gcc | 1.0.1 | 1.36 | 23.18 | 24.54 | NOTE | |
r-devel-linux-x86_64-fedora-clang | 1.0.1 | 50.21 | OK | |||
r-devel-linux-x86_64-fedora-gcc | 1.0.1 | 62.36 | OK | |||
r-devel-windows-x86_64 | 1.0.1 | 3.00 | 50.00 | 53.00 | OK | |
r-patched-linux-x86_64 | 1.0.1 | 1.65 | 27.42 | 29.07 | OK | |
r-release-linux-x86_64 | 1.0.1 | 1.64 | 27.59 | 29.23 | OK | |
r-release-macos-arm64 | 1.0.1 | 24.00 | OK | |||
r-release-macos-x86_64 | 1.0.1 | 47.00 | OK | |||
r-release-windows-x86_64 | 1.0.1 | 3.00 | 53.00 | 56.00 | OK | |
r-oldrel-macos-arm64 | 1.0.1 | 23.00 | OK | |||
r-oldrel-macos-x86_64 | 1.0.1 | 36.00 | OK | |||
r-oldrel-windows-x86_64 | 1.0.1 | 3.00 | 56.00 | 59.00 | OK |
Version: 1.0.1
Check: CRAN incoming feasibility
Result: NOTE
Maintainer: ‘Taylor Brown <trb5me@virginia.edu>’
The Description field contains
Doucet and Pitt (2017) <arXiv:1511.04992>. If the 'rho=' argument of
Please refer to arXiv e-prints via their arXiv DOI <doi:10.48550/arXiv.YYMM.NNNNN>.
Flavors: r-devel-linux-x86_64-debian-clang, r-devel-linux-x86_64-debian-gcc
These binaries (installable software) and packages are in development.
They may not be fully stable and should be used with caution. We make no claims about them.