Last updated on 2025-10-23 21:51:24 CEST.
Flavor | Version | Tinstall | Tcheck | Ttotal | Status | Flags |
---|---|---|---|---|---|---|
r-devel-linux-x86_64-debian-clang | 1.0.1 | 3.38 | 60.72 | 64.10 | NOTE | |
r-devel-linux-x86_64-debian-gcc | 1.0.1 | 2.72 | 49.63 | 52.35 | OK | |
r-devel-linux-x86_64-fedora-clang | 1.0.1 | 97.15 | OK | |||
r-devel-linux-x86_64-fedora-gcc | 1.0.1 | 110.19 | OK | |||
r-devel-windows-x86_64 | 1.0.1 | 6.00 | 65.00 | 71.00 | OK | |
r-patched-linux-x86_64 | 1.0.1 | 4.14 | 56.95 | 61.09 | OK | |
r-release-linux-x86_64 | 1.0.1 | 3.99 | 57.40 | 61.39 | OK | |
r-release-macos-arm64 | 1.0.1 | 2.00 | 44.00 | 46.00 | OK | |
r-release-macos-x86_64 | 1.0.1 | 4.00 | 62.00 | 66.00 | OK | |
r-release-windows-x86_64 | 1.0.1 | 7.00 | 70.00 | 77.00 | OK | |
r-oldrel-macos-arm64 | 1.0.1 | 2.00 | 39.00 | 41.00 | OK | |
r-oldrel-macos-x86_64 | 1.0.1 | 7.00 | 95.00 | 102.00 | OK | |
r-oldrel-windows-x86_64 | 1.0.1 | 8.00 | 77.00 | 85.00 | OK |
Version: 1.0.1
Check: HTML version of manual
Result: NOTE
Found the following HTML validation problems:
deltahat.fun.html:58:1 (deltahat.fun.Rd:16): Warning: missing </ul> before </div>
obj_fun_delta_hat.html:62:1 (obj_fun_delta_hat.Rd:18): Warning: missing </ul> before </div>
Flavor: r-devel-linux-x86_64-debian-clang
These binaries (installable software) and packages are in development.
They may not be fully stable and should be used with caution. We make no claims about them.