Last updated on 2025-05-02 06:49:29 CEST.
Flavor | Version | Tinstall | Tcheck | Ttotal | Status | Flags |
---|---|---|---|---|---|---|
r-devel-linux-x86_64-debian-clang | 0.71.1 | 5.65 | 38.90 | 44.55 | NOTE | |
r-devel-linux-x86_64-debian-gcc | 0.71.1 | 4.26 | 27.59 | 31.85 | NOTE | |
r-devel-linux-x86_64-fedora-clang | 0.71.1 | 71.89 | NOTE | |||
r-devel-linux-x86_64-fedora-gcc | 0.71.1 | 67.26 | NOTE | |||
r-devel-windows-x86_64 | 0.71.1 | 6.00 | 75.00 | 81.00 | NOTE | |
r-patched-linux-x86_64 | 0.71.1 | 5.27 | 36.34 | 41.61 | NOTE | |
r-release-linux-x86_64 | NOTE | |||||
r-release-macos-arm64 | 0.71.1 | 24.00 | NOTE | |||
r-release-macos-x86_64 | 0.71.1 | 40.00 | NOTE | |||
r-release-windows-x86_64 | 0.71.1 | 6.00 | 61.00 | 67.00 | NOTE | |
r-oldrel-macos-arm64 | 0.71.1 | 28.00 | NOTE | |||
r-oldrel-macos-x86_64 | 0.71.1 | 32.00 | NOTE | |||
r-oldrel-windows-x86_64 | 0.71.1 | 8.00 | 70.00 | 78.00 | NOTE |
Version: 0.71.1
Check: CRAN incoming feasibility
Result: NOTE
Maintainer: ‘Oleg Nenadic <onenadi@uni-goettingen.de>’
Package CITATION file contains call(s) to old-style personList() or
as.personList(). Please use c() on person objects instead.
Package CITATION file contains call(s) to old-style citEntry(). Please
use bibentry() instead.
Flavors: r-devel-linux-x86_64-debian-clang, r-devel-linux-x86_64-debian-gcc
Version: 0.71.1
Check: Rd files
Result: NOTE
checkRd: (-1) plot.ca.rd:53: Lost braces in \itemize; meant \describe ?
checkRd: (-1) plot.ca.rd:56: Lost braces in \itemize; meant \describe ?
checkRd: (-1) plot.ca.rd:59: Lost braces in \itemize; meant \describe ?
checkRd: (-1) plot.ca.rd:62: Lost braces in \itemize; meant \describe ?
checkRd: (-1) plot.mjca.rd:57: Lost braces in \itemize; meant \describe ?
checkRd: (-1) plot.mjca.rd:60: Lost braces in \itemize; meant \describe ?
checkRd: (-1) plot.mjca.rd:63: Lost braces in \itemize; meant \describe ?
checkRd: (-1) plot.mjca.rd:66: Lost braces in \itemize; meant \describe ?
Flavors: r-devel-linux-x86_64-debian-clang, r-devel-linux-x86_64-debian-gcc, r-devel-linux-x86_64-fedora-clang, r-devel-linux-x86_64-fedora-gcc, r-devel-windows-x86_64, r-patched-linux-x86_64, r-release-linux-x86_64, r-release-macos-arm64, r-release-macos-x86_64, r-release-windows-x86_64, r-oldrel-macos-arm64, r-oldrel-macos-x86_64, r-oldrel-windows-x86_64
These binaries (installable software) and packages are in development.
They may not be fully stable and should be used with caution. We make no claims about them.