Last updated on 2025-02-16 10:50:42 CET.
Flavor | Version | Tinstall | Tcheck | Ttotal | Status | Flags |
---|---|---|---|---|---|---|
r-devel-linux-x86_64-debian-clang | 0.71.1 | 6.01 | 37.60 | 43.61 | NOTE | |
r-devel-linux-x86_64-debian-gcc | 0.71.1 | 4.59 | 26.88 | 31.47 | NOTE | |
r-devel-linux-x86_64-fedora-clang | 0.71.1 | 74.24 | NOTE | |||
r-devel-linux-x86_64-fedora-gcc | 0.71.1 | 67.12 | NOTE | |||
r-devel-macos-arm64 | 0.71.1 | 24.00 | NOTE | |||
r-devel-macos-x86_64 | 0.71.1 | 46.00 | NOTE | |||
r-devel-windows-x86_64 | 0.71.1 | 7.00 | 63.00 | 70.00 | NOTE | |
r-patched-linux-x86_64 | 0.71.1 | 5.88 | 35.30 | 41.18 | NOTE | |
r-release-linux-x86_64 | 0.71.1 | 4.84 | 35.11 | 39.95 | NOTE | |
r-release-macos-arm64 | 0.71.1 | 28.00 | NOTE | |||
r-release-macos-x86_64 | 0.71.1 | 32.00 | NOTE | |||
r-release-windows-x86_64 | 0.71.1 | 8.00 | 67.00 | 75.00 | NOTE | |
r-oldrel-macos-arm64 | 0.71.1 | 23.00 | OK | |||
r-oldrel-macos-x86_64 | 0.71.1 | 37.00 | OK | |||
r-oldrel-windows-x86_64 | 0.71.1 | 9.00 | 71.00 | 80.00 | OK |
Version: 0.71.1
Check: Rd files
Result: NOTE
checkRd: (-1) plot.ca.rd:53: Lost braces in \itemize; meant \describe ?
checkRd: (-1) plot.ca.rd:56: Lost braces in \itemize; meant \describe ?
checkRd: (-1) plot.ca.rd:59: Lost braces in \itemize; meant \describe ?
checkRd: (-1) plot.ca.rd:62: Lost braces in \itemize; meant \describe ?
checkRd: (-1) plot.mjca.rd:57: Lost braces in \itemize; meant \describe ?
checkRd: (-1) plot.mjca.rd:60: Lost braces in \itemize; meant \describe ?
checkRd: (-1) plot.mjca.rd:63: Lost braces in \itemize; meant \describe ?
checkRd: (-1) plot.mjca.rd:66: Lost braces in \itemize; meant \describe ?
Flavors: r-devel-linux-x86_64-debian-clang, r-devel-linux-x86_64-debian-gcc, r-devel-linux-x86_64-fedora-clang, r-devel-linux-x86_64-fedora-gcc, r-devel-macos-arm64, r-devel-macos-x86_64, r-devel-windows-x86_64, r-patched-linux-x86_64, r-release-linux-x86_64, r-release-macos-arm64, r-release-macos-x86_64, r-release-windows-x86_64
These binaries (installable software) and packages are in development.
They may not be fully stable and should be used with caution. We make no claims about them.