Last updated on 2025-05-01 15:49:27 CEST.
Flavor | Version | Tinstall | Tcheck | Ttotal | Status | Flags |
---|---|---|---|---|---|---|
r-devel-linux-x86_64-debian-clang | 0.1.5 | 8.84 | 122.43 | 131.27 | NOTE | |
r-devel-linux-x86_64-debian-gcc | 0.1.5 | 6.59 | 90.68 | 97.27 | NOTE | |
r-devel-linux-x86_64-fedora-clang | 0.1.5 | 217.37 | OK | |||
r-devel-linux-x86_64-fedora-gcc | 0.1.5 | 224.66 | OK | |||
r-devel-windows-x86_64 | 0.1.5 | 9.00 | 146.00 | 155.00 | OK | |
r-patched-linux-x86_64 | 0.1.5 | 8.87 | 116.56 | 125.43 | OK | |
r-release-linux-x86_64 | OK | |||||
r-release-macos-arm64 | 0.1.5 | 94.00 | OK | |||
r-release-macos-x86_64 | 0.1.5 | 150.00 | OK | |||
r-release-windows-x86_64 | 0.1.5 | 11.00 | 150.00 | 161.00 | OK | |
r-oldrel-macos-arm64 | 0.1.5 | 71.00 | OK | |||
r-oldrel-macos-x86_64 | 0.1.5 | 131.00 | OK | |||
r-oldrel-windows-x86_64 | 0.1.5 | 12.00 | 185.00 | 197.00 | OK |
Version: 0.1.5
Check: CRAN incoming feasibility
Result: NOTE
Maintainer: ‘Ziyi Li <zli16@mdanderson.org>’
No Authors@R field in DESCRIPTION.
Please add one, modifying
Authors@R: person(given = "Ziyi",
family = "Li",
role = c("aut", "cre"),
email = "zli16@mdanderson.org")
as necessary.
Flavors: r-devel-linux-x86_64-debian-clang, r-devel-linux-x86_64-debian-gcc
These binaries (installable software) and packages are in development.
They may not be fully stable and should be used with caution. We make no claims about them.