Last updated on 2025-07-26 03:49:46 CEST.
Flavor | Version | Tinstall | Tcheck | Ttotal | Status | Flags |
---|---|---|---|---|---|---|
r-devel-linux-x86_64-debian-clang | 0.1.5 | 8.88 | 121.39 | 130.27 | NOTE | |
r-devel-linux-x86_64-debian-gcc | 0.1.5 | 6.58 | 99.73 | 106.31 | NOTE | |
r-devel-linux-x86_64-fedora-clang | 0.1.5 | 216.62 | OK | |||
r-devel-linux-x86_64-fedora-gcc | 0.1.5 | 235.87 | OK | |||
r-devel-windows-x86_64 | 0.1.5 | 10.00 | 153.00 | 163.00 | OK | |
r-patched-linux-x86_64 | 0.1.5 | 8.95 | 115.11 | 124.06 | OK | |
r-release-linux-x86_64 | 0.1.5 | 7.81 | 120.53 | 128.34 | OK | |
r-release-macos-arm64 | 0.1.5 | 94.00 | OK | |||
r-release-macos-x86_64 | 0.1.5 | 150.00 | OK | |||
r-release-windows-x86_64 | 0.1.5 | 11.00 | 137.00 | 148.00 | OK | |
r-oldrel-macos-arm64 | 0.1.5 | 71.00 | OK | |||
r-oldrel-macos-x86_64 | 0.1.5 | 131.00 | OK | |||
r-oldrel-windows-x86_64 | 0.1.5 | 13.00 | 202.00 | 215.00 | OK |
Version: 0.1.5
Check: CRAN incoming feasibility
Result: NOTE
Maintainer: ‘Ziyi Li <zli16@mdanderson.org>’
No Authors@R field in DESCRIPTION.
Please add one, modifying
Authors@R: person(given = "Ziyi",
family = "Li",
role = c("aut", "cre"),
email = "zli16@mdanderson.org")
as necessary.
Flavors: r-devel-linux-x86_64-debian-clang, r-devel-linux-x86_64-debian-gcc
These binaries (installable software) and packages are in development.
They may not be fully stable and should be used with caution. We make no claims about them.