Last updated on 2025-10-23 17:50:43 CEST.
Flavor | Version | Tinstall | Tcheck | Ttotal | Status | Flags |
---|---|---|---|---|---|---|
r-devel-linux-x86_64-debian-clang | 0.1.5 | 8.59 | 123.69 | 132.28 | NOTE | |
r-devel-linux-x86_64-debian-gcc | 0.1.5 | 6.55 | 89.98 | 96.53 | NOTE | |
r-devel-linux-x86_64-fedora-clang | 0.1.5 | 21.00 | 186.25 | 207.25 | OK | |
r-devel-linux-x86_64-fedora-gcc | 0.1.5 | 17.00 | 207.75 | 224.75 | OK | |
r-devel-windows-x86_64 | 0.1.5 | 9.00 | 144.00 | 153.00 | OK | |
r-patched-linux-x86_64 | 0.1.5 | 8.11 | 118.13 | 126.24 | OK | |
r-release-linux-x86_64 | 0.1.5 | 7.89 | 120.94 | 128.83 | OK | |
r-release-macos-arm64 | 0.1.5 | 4.00 | 90.00 | 94.00 | OK | |
r-release-macos-x86_64 | 0.1.5 | 10.00 | 140.00 | 150.00 | OK | |
r-release-windows-x86_64 | 0.1.5 | 9.00 | 146.00 | 155.00 | OK | |
r-oldrel-macos-arm64 | 0.1.5 | 4.00 | 67.00 | 71.00 | OK | |
r-oldrel-macos-x86_64 | 0.1.5 | 11.00 | 120.00 | 131.00 | OK | |
r-oldrel-windows-x86_64 | 0.1.5 | 13.00 | 182.00 | 195.00 | OK |
Version: 0.1.5
Check: CRAN incoming feasibility
Result: NOTE
Maintainer: ‘Ziyi Li <zli16@mdanderson.org>’
No Authors@R field in DESCRIPTION.
Please add one, modifying
Authors@R: person(given = "Ziyi",
family = "Li",
role = c("aut", "cre"),
email = "zli16@mdanderson.org")
as necessary.
Flavors: r-devel-linux-x86_64-debian-clang, r-devel-linux-x86_64-debian-gcc
These binaries (installable software) and packages are in development.
They may not be fully stable and should be used with caution. We make no claims about them.