Last updated on 2025-10-23 21:51:22 CEST.
Flavor | Version | Tinstall | Tcheck | Ttotal | Status | Flags |
---|---|---|---|---|---|---|
r-devel-linux-x86_64-debian-clang | 1.4 | 4.76 | 287.17 | 291.93 | OK | |
r-devel-linux-x86_64-debian-gcc | 1.4 | 3.80 | 217.94 | 221.74 | OK | |
r-devel-linux-x86_64-fedora-clang | 1.4 | 15.00 | 298.62 | 313.62 | OK | |
r-devel-linux-x86_64-fedora-gcc | 1.4 | 10.00 | 330.92 | 340.92 | OK | |
r-devel-windows-x86_64 | 1.4 | 8.00 | 113.00 | 121.00 | OK | |
r-patched-linux-x86_64 | 1.4 | 4.91 | 281.80 | 286.71 | OK | |
r-release-linux-x86_64 | 1.4 | 4.64 | 279.26 | 283.90 | OK | |
r-release-macos-arm64 | 1.4 | 4.00 | 59.00 | 63.00 | OK | |
r-release-macos-x86_64 | 1.4 | 6.00 | 92.00 | 98.00 | OK | |
r-release-windows-x86_64 | 1.4 | 10.00 | 113.00 | 123.00 | OK | |
r-oldrel-macos-arm64 | 1.4 | 4.00 | 51.00 | 55.00 | NOTE | |
r-oldrel-macos-x86_64 | 1.4 | 8.00 | 134.00 | 142.00 | NOTE | |
r-oldrel-windows-x86_64 | 1.4 | 10.00 | 134.00 | 144.00 | NOTE |
Version: 1.4
Check: installed package size
Result: NOTE
installed size is 5.1Mb
sub-directories of 1Mb or more:
doc 4.8Mb
Flavors: r-oldrel-macos-arm64, r-oldrel-macos-x86_64, r-oldrel-windows-x86_64
These binaries (installable software) and packages are in development.
They may not be fully stable and should be used with caution. We make no claims about them.