Last updated on 2025-02-07 05:50:32 CET.
Flavor | Version | Tinstall | Tcheck | Ttotal | Status | Flags |
---|---|---|---|---|---|---|
r-devel-linux-x86_64-debian-clang | 1.4 | 5.18 | 285.47 | 290.65 | OK | |
r-devel-linux-x86_64-debian-gcc | 1.4 | 3.32 | 218.25 | 221.57 | OK | |
r-devel-linux-x86_64-fedora-clang | 1.4 | 503.09 | OK | |||
r-devel-linux-x86_64-fedora-gcc | 1.4 | 508.50 | OK | |||
r-devel-windows-x86_64 | 1.4 | 9.00 | 112.00 | 121.00 | OK | |
r-patched-linux-x86_64 | 1.4 | 3.75 | 277.01 | 280.76 | OK | |
r-release-linux-x86_64 | 1.4 | 4.44 | 280.33 | 284.77 | OK | |
r-release-macos-arm64 | 1.4 | 55.00 | NOTE | |||
r-release-macos-x86_64 | 1.4 | 142.00 | NOTE | |||
r-release-windows-x86_64 | 1.4 | 9.00 | 114.00 | 123.00 | NOTE | |
r-oldrel-macos-arm64 | 1.4 | 72.00 | NOTE | |||
r-oldrel-macos-x86_64 | 1.4 | 117.00 | NOTE | |||
r-oldrel-windows-x86_64 | 1.4 | 10.00 | 128.00 | 138.00 | NOTE |
Version: 1.4
Check: installed package size
Result: NOTE
installed size is 5.1Mb
sub-directories of 1Mb or more:
doc 4.8Mb
Flavors: r-release-macos-arm64, r-release-macos-x86_64, r-release-windows-x86_64, r-oldrel-macos-arm64, r-oldrel-macos-x86_64, r-oldrel-windows-x86_64
These binaries (installable software) and packages are in development.
They may not be fully stable and should be used with caution. We make no claims about them.