CRAN Package Check Results for Package caRecall

Last updated on 2025-02-16 10:50:43 CET.

Flavor Version Tinstall Tcheck Ttotal Status Flags
r-devel-linux-x86_64-debian-clang 0.1.0 1.87 24.32 26.19 OK
r-devel-linux-x86_64-debian-gcc 0.1.0 1.53 19.22 20.75 OK
r-devel-linux-x86_64-fedora-clang 0.1.0 44.39 OK
r-devel-linux-x86_64-fedora-gcc 0.1.0 54.27 OK
r-devel-macos-arm64 0.1.0 55.00 OK
r-devel-macos-x86_64 0.1.0 74.00 OK
r-devel-windows-x86_64 0.1.0 3.00 60.00 63.00 OK
r-patched-linux-x86_64 0.1.0 2.15 23.25 25.40 NOTE
r-release-linux-x86_64 0.1.0 1.86 23.21 25.07 NOTE
r-release-macos-arm64 0.1.0 54.00 NOTE
r-release-macos-x86_64 0.1.0 64.00 NOTE
r-release-windows-x86_64 0.1.0 4.00 48.00 52.00 NOTE
r-oldrel-macos-arm64 0.1.0 26.00 NOTE
r-oldrel-macos-x86_64 0.1.0 36.00 NOTE
r-oldrel-windows-x86_64 0.1.0 4.00 56.00 60.00 NOTE

Check Details

Version: 0.1.0
Check: LazyData
Result: NOTE 'LazyData' is specified without a 'data' directory Flavors: r-patched-linux-x86_64, r-release-linux-x86_64, r-release-macos-arm64, r-release-macos-x86_64, r-release-windows-x86_64, r-oldrel-macos-arm64, r-oldrel-macos-x86_64, r-oldrel-windows-x86_64

These binaries (installable software) and packages are in development.
They may not be fully stable and should be used with caution. We make no claims about them.