CRAN Package Check Results for Package cabootcrs

Last updated on 2025-10-03 13:49:27 CEST.

Flavor Version Tinstall Tcheck Ttotal Status Flags
r-devel-linux-x86_64-debian-clang 2.1.0 6.03 67.44 73.47 NOTE
r-devel-linux-x86_64-debian-gcc 2.1.0 4.06 45.25 49.31 NOTE
r-devel-linux-x86_64-fedora-clang 2.1.0 121.10 OK
r-devel-linux-x86_64-fedora-gcc 2.1.0 125.11 OK
r-devel-windows-x86_64 2.1.0 7.00 105.00 112.00 OK
r-patched-linux-x86_64 2.1.0 5.80 62.99 68.79 OK
r-release-linux-x86_64 2.1.0 5.08 63.32 68.40 OK
r-release-macos-arm64 2.1.0 32.00 OK
r-release-macos-x86_64 2.1.0 58.00 OK
r-release-windows-x86_64 2.1.0 7.00 105.00 112.00 OK
r-oldrel-macos-arm64 2.1.0 33.00 OK
r-oldrel-macos-x86_64 2.1.0 47.00 OK
r-oldrel-windows-x86_64 2.1.0 6.00 132.00 138.00 OK

Check Details

Version: 2.1.0
Check: CRAN incoming feasibility
Result: NOTE Maintainer: ‘Trevor Ringrose <t.j.ringrose@cranfield.ac.uk>’ No Authors@R field in DESCRIPTION. Please add one, modifying Authors@R: person(given = "Trevor", family = "Ringrose", role = c("aut", "cre"), email = "t.j.ringrose@cranfield.ac.uk") as necessary. Flavors: r-devel-linux-x86_64-debian-clang, r-devel-linux-x86_64-debian-gcc

These binaries (installable software) and packages are in development.
They may not be fully stable and should be used with caution. We make no claims about them.