Last updated on 2025-02-02 14:48:19 CET.
Flavor | Version | Tinstall | Tcheck | Ttotal | Status | Flags |
---|---|---|---|---|---|---|
r-devel-linux-x86_64-debian-clang | 1.1.0 | 1.68 | 22.75 | 24.43 | OK | |
r-devel-linux-x86_64-debian-gcc | 1.1.0 | 1.22 | 19.34 | 20.56 | OK | |
r-devel-linux-x86_64-fedora-clang | 1.1.0 | 42.08 | OK | |||
r-devel-linux-x86_64-fedora-gcc | 1.1.0 | 51.44 | OK | |||
r-devel-windows-x86_64 | 1.1.0 | 3.00 | 45.00 | 48.00 | OK | |
r-patched-linux-x86_64 | 1.1.0 | 1.60 | 21.67 | 23.27 | NOTE | |
r-release-linux-x86_64 | 1.1.0 | 1.61 | 21.93 | 23.54 | NOTE | |
r-release-macos-arm64 | 1.1.0 | 24.00 | NOTE | |||
r-release-macos-x86_64 | 1.1.0 | 51.00 | NOTE | |||
r-release-windows-x86_64 | 1.1.0 | 3.00 | 45.00 | 48.00 | NOTE | |
r-oldrel-macos-arm64 | 1.1.0 | 24.00 | NOTE | |||
r-oldrel-macos-x86_64 | 1.1.0 | 33.00 | NOTE | |||
r-oldrel-windows-x86_64 | 1.1.0 | 3.00 | 47.00 | 50.00 | NOTE |
Version: 1.1.0
Check: LazyData
Result: NOTE
'LazyData' is specified without a 'data' directory
Flavors: r-patched-linux-x86_64, r-release-linux-x86_64, r-release-macos-arm64, r-release-macos-x86_64, r-release-windows-x86_64, r-oldrel-macos-arm64, r-oldrel-macos-x86_64, r-oldrel-windows-x86_64
These binaries (installable software) and packages are in development.
They may not be fully stable and should be used with caution. We make no claims about them.