Last updated on 2025-02-16 10:50:42 CET.
Flavor | Version | Tinstall | Tcheck | Ttotal | Status | Flags |
---|---|---|---|---|---|---|
r-devel-linux-x86_64-debian-clang | 0.2.2 | 10.59 | 83.96 | 94.55 | OK | |
r-devel-linux-x86_64-debian-gcc | 0.2.2 | 7.72 | 58.56 | 66.28 | OK | |
r-devel-linux-x86_64-fedora-clang | 0.2.2 | 145.62 | NOTE | |||
r-devel-linux-x86_64-fedora-gcc | 0.2.2 | 135.09 | NOTE | |||
r-devel-macos-arm64 | 0.2.2 | 44.00 | OK | |||
r-devel-macos-x86_64 | 0.2.2 | 80.00 | OK | |||
r-devel-windows-x86_64 | 0.2.2 | 14.00 | 91.00 | 105.00 | OK | |
r-patched-linux-x86_64 | 0.2.2 | 8.55 | 75.68 | 84.23 | OK | |
r-release-linux-x86_64 | 0.2.2 | 8.89 | 76.27 | 85.16 | OK | |
r-release-macos-arm64 | 0.2.2 | 43.00 | OK | |||
r-release-macos-x86_64 | 0.2.2 | 136.00 | OK | |||
r-release-windows-x86_64 | 0.2.2 | 11.00 | 89.00 | 100.00 | OK | |
r-oldrel-macos-arm64 | 0.2.2 | 45.00 | OK | |||
r-oldrel-macos-x86_64 | 0.2.2 | 64.00 | OK | |||
r-oldrel-windows-x86_64 | 0.2.2 | 14.00 | 110.00 | 124.00 | OK |
Version: 0.2.2
Check: dependencies in R code
Result: NOTE
Namespace in Imports field not imported from: ‘markdown’
All declared Imports should be used.
Flavors: r-devel-linux-x86_64-fedora-clang, r-devel-linux-x86_64-fedora-gcc
These binaries (installable software) and packages are in development.
They may not be fully stable and should be used with caution. We make no claims about them.