Last updated on 2025-02-16 10:50:42 CET.
Flavor | Version | Tinstall | Tcheck | Ttotal | Status | Flags |
---|---|---|---|---|---|---|
r-devel-linux-x86_64-debian-clang | 1.1.1 | 5.67 | 553.39 | 559.06 | NOTE | |
r-devel-linux-x86_64-debian-gcc | 1.1.1 | 4.18 | 423.41 | 427.59 | NOTE | |
r-devel-linux-x86_64-fedora-clang | 1.1.1 | 907.46 | NOTE | |||
r-devel-linux-x86_64-fedora-gcc | 1.1.1 | 1065.87 | NOTE | |||
r-devel-macos-arm64 | 1.1.1 | 402.00 | OK | |||
r-devel-macos-x86_64 | 1.1.1 | 713.00 | NOTE | |||
r-devel-windows-x86_64 | 1.1.1 | 8.00 | 569.00 | 577.00 | NOTE | |
r-patched-linux-x86_64 | 1.1.1 | 6.63 | 607.10 | 613.73 | OK | |
r-release-linux-x86_64 | 1.1.1 | 6.07 | 609.45 | 615.52 | OK | |
r-release-macos-arm64 | 1.1.1 | 259.00 | OK | |||
r-release-macos-x86_64 | 1.1.1 | 418.00 | OK | |||
r-release-windows-x86_64 | 1.1.1 | 9.00 | 569.00 | 578.00 | OK | |
r-oldrel-macos-arm64 | 1.1.1 | 266.00 | OK | |||
r-oldrel-macos-x86_64 | 1.1.1 | 413.00 | OK | |||
r-oldrel-windows-x86_64 | 1.1.1 | 11.00 | 690.00 | 701.00 | OK |
Version: 1.1.1
Check: DESCRIPTION meta-information
Result: NOTE
Missing dependency on R >= 4.1.0 because package code uses the pipe
|> or function shorthand \(...) syntax added in R 4.1.0.
File(s) using such syntax:
‘internal_calib_aj.R’ ‘internal_calib_pv.R’
‘internal_extract_ids_states.R’ ‘plot_calib.R’ ‘weights.R’
Flavors: r-devel-linux-x86_64-debian-clang, r-devel-linux-x86_64-debian-gcc, r-devel-linux-x86_64-fedora-clang, r-devel-linux-x86_64-fedora-gcc, r-devel-macos-x86_64, r-devel-windows-x86_64
These binaries (installable software) and packages are in development.
They may not be fully stable and should be used with caution. We make no claims about them.