Last updated on 2025-10-24 01:50:21 CEST.
| Flavor | Version | Tinstall | Tcheck | Ttotal | Status | Flags |
|---|---|---|---|---|---|---|
| r-devel-linux-x86_64-debian-clang | 1.7.7 | 2.25 | 33.93 | 36.18 | NOTE | |
| r-devel-linux-x86_64-debian-gcc | 1.7.7 | 1.64 | 27.09 | 28.73 | NOTE | |
| r-devel-linux-x86_64-fedora-clang | 1.7.7 | 48.51 | OK | |||
| r-devel-linux-x86_64-fedora-gcc | 1.7.7 | 64.88 | OK | |||
| r-devel-windows-x86_64 | 1.7.7 | 4.00 | 61.00 | 65.00 | OK | |
| r-patched-linux-x86_64 | 1.7.7 | 2.13 | 32.04 | 34.17 | OK | |
| r-release-linux-x86_64 | 1.7.7 | 2.49 | 32.26 | 34.75 | OK | |
| r-release-macos-arm64 | 1.7.7 | 2.00 | 28.00 | 30.00 | OK | |
| r-release-macos-x86_64 | 1.7.7 | 2.00 | 49.00 | 51.00 | OK | |
| r-release-windows-x86_64 | 1.7.7 | 3.00 | 65.00 | 68.00 | OK | |
| r-oldrel-macos-arm64 | 1.7.7 | 1.00 | 30.00 | 31.00 | OK | |
| r-oldrel-macos-x86_64 | 1.7.7 | 2.00 | 38.00 | 40.00 | OK | |
| r-oldrel-windows-x86_64 | 1.7.7 | 3.00 | 68.00 | 71.00 | OK |
Version: 1.7.7
Check: CRAN incoming feasibility
Result: NOTE
Maintainer: ‘Jan Graffelman <jan.graffelman@upc.edu>’
No Authors@R field in DESCRIPTION.
Please add one, modifying
Authors@R: person(given = "Jan",
family = "Graffelman",
role = c("aut", "cre"),
email = "jan.graffelman@upc.edu")
as necessary.
Package CITATION file contains call(s) to old-style personList() or
as.personList(). Please use c() on person objects instead.
Package CITATION file contains call(s) to old-style citEntry(). Please
use bibentry() instead.
Flavors: r-devel-linux-x86_64-debian-clang, r-devel-linux-x86_64-debian-gcc
These binaries (installable software) and packages are in development.
They may not be fully stable and should be used with caution. We make no claims about them.