Last updated on 2025-05-01 15:49:27 CEST.
Flavor | Version | Tinstall | Tcheck | Ttotal | Status | Flags |
---|---|---|---|---|---|---|
r-devel-linux-x86_64-debian-clang | 0.1 | 4.17 | 48.39 | 52.56 | NOTE | |
r-devel-linux-x86_64-debian-gcc | 0.1 | 3.96 | 34.88 | 38.84 | NOTE | |
r-devel-linux-x86_64-fedora-clang | 0.1 | 82.89 | OK | |||
r-devel-linux-x86_64-fedora-gcc | 0.1 | 78.06 | OK | |||
r-devel-windows-x86_64 | 0.1 | 5.00 | 64.00 | 69.00 | OK | |
r-patched-linux-x86_64 | 0.1 | 4.56 | 44.87 | 49.43 | OK | |
r-release-linux-x86_64 | OK | |||||
r-release-macos-arm64 | 0.1 | 31.00 | OK | |||
r-release-macos-x86_64 | 0.1 | 50.00 | OK | |||
r-release-windows-x86_64 | 0.1 | 5.00 | 67.00 | 72.00 | OK | |
r-oldrel-macos-arm64 | 0.1 | 25.00 | OK | |||
r-oldrel-macos-x86_64 | 0.1 | 41.00 | OK | |||
r-oldrel-windows-x86_64 | 0.1 | 6.00 | 73.00 | 79.00 | OK |
Version: 0.1
Check: CRAN incoming feasibility
Result: NOTE
Maintainer: ‘Chih-Li Sung <iamdfchile@gmail.com>’
No Authors@R field in DESCRIPTION.
Please add one, modifying
Authors@R: person(given = "Chih-Li",
family = "Sung",
role = c("aut", "cre"),
email = "iamdfchile@gmail.com")
as necessary.
The Description field contains
<arXiv:1806.01453>. This calibration method is particularly useful when
Please refer to arXiv e-prints via their arXiv DOI <doi:10.48550/arXiv.YYMM.NNNNN>.
Flavors: r-devel-linux-x86_64-debian-clang, r-devel-linux-x86_64-debian-gcc
Version: 0.1
Check: examples
Result: NOTE
Examples with CPU (user + system) or elapsed time > 5s
user system elapsed
cv.KLR 4.634 0 6.024
KLR 4.013 0 5.216
Flavor: r-devel-linux-x86_64-debian-clang
These binaries (installable software) and packages are in development.
They may not be fully stable and should be used with caution. We make no claims about them.