Last updated on 2025-02-16 10:50:42 CET.
Flavor | Version | Tinstall | Tcheck | Ttotal | Status | Flags |
---|---|---|---|---|---|---|
r-devel-linux-x86_64-debian-clang | 0.2.1 | 21.34 | 51.01 | 72.35 | NOTE | |
r-devel-linux-x86_64-debian-gcc | 0.2.1 | 14.77 | 38.56 | 53.33 | NOTE | |
r-devel-linux-x86_64-fedora-clang | 0.2.1 | 133.53 | NOTE | |||
r-devel-linux-x86_64-fedora-gcc | 0.2.1 | 122.96 | NOTE | |||
r-devel-macos-arm64 | 0.2.1 | 40.00 | NOTE | |||
r-devel-macos-x86_64 | 0.2.1 | 133.00 | NOTE | |||
r-devel-windows-x86_64 | 0.2.1 | 25.00 | 97.00 | 122.00 | NOTE | |
r-patched-linux-x86_64 | 0.2.1 | 19.35 | 47.80 | 67.15 | NOTE | |
r-release-linux-x86_64 | 0.2.1 | 20.57 | 47.40 | 67.97 | NOTE | |
r-release-macos-arm64 | 0.2.1 | 38.00 | NOTE | |||
r-release-macos-x86_64 | 0.2.1 | 49.00 | NOTE | |||
r-release-windows-x86_64 | 0.2.1 | 24.00 | 82.00 | 106.00 | NOTE | |
r-oldrel-macos-arm64 | 0.2.1 | 41.00 | OK | |||
r-oldrel-macos-x86_64 | 0.2.1 | 62.00 | OK | |||
r-oldrel-windows-x86_64 | 0.2.1 | 30.00 | 103.00 | 133.00 | OK |
Version: 0.2.1
Check: Rd files
Result: NOTE
checkRd: (-1) calibration_bands.Rd:19: Lost braces; missing escapes or markup?
19 | \item{y}{response variable (in {0,1}).}
| ^
Flavors: r-devel-linux-x86_64-debian-clang, r-devel-linux-x86_64-debian-gcc, r-devel-linux-x86_64-fedora-clang, r-devel-linux-x86_64-fedora-gcc, r-devel-macos-arm64, r-devel-macos-x86_64, r-devel-windows-x86_64, r-patched-linux-x86_64, r-release-linux-x86_64, r-release-macos-arm64, r-release-macos-x86_64, r-release-windows-x86_64
These binaries (installable software) and packages are in development.
They may not be fully stable and should be used with caution. We make no claims about them.