CRAN Package Check Results for Package calibrator

Last updated on 2025-05-01 14:49:05 CEST.

Flavor Version Tinstall Tcheck Ttotal Status Flags
r-devel-linux-x86_64-debian-clang 1.2-8 4.13 50.20 54.33 NOTE
r-devel-linux-x86_64-debian-gcc 1.2-8 3.02 36.90 39.92 NOTE
r-devel-linux-x86_64-fedora-clang 1.2-8 84.83 OK
r-devel-linux-x86_64-fedora-gcc 1.2-8 94.71 OK
r-devel-windows-x86_64 1.2-8 5.00 98.00 103.00 OK
r-patched-linux-x86_64 1.2-8 5.92 48.13 54.05 OK
r-release-linux-x86_64 OK
r-release-macos-arm64 1.2-8 35.00 OK
r-release-macos-x86_64 1.2-8 93.00 OK
r-release-windows-x86_64 1.2-8 5.00 101.00 106.00 OK
r-oldrel-macos-arm64 1.2-8 36.00 OK
r-oldrel-macos-x86_64 1.2-8 82.00 OK
r-oldrel-windows-x86_64 1.2-8 7.00 100.00 107.00 OK

Check Details

Version: 1.2-8
Check: CRAN incoming feasibility
Result: NOTE Maintainer: ‘Robin K. S. Hankin <hankin.robin@gmail.com>’ Package CITATION file contains call(s) to old-style citEntry(). Please use bibentry() instead. Flavors: r-devel-linux-x86_64-debian-clang, r-devel-linux-x86_64-debian-gcc

These binaries (installable software) and packages are in development.
They may not be fully stable and should be used with caution. We make no claims about them.