Last updated on 2025-05-01 12:49:24 CEST.
Flavor | Version | Tinstall | Tcheck | Ttotal | Status | Flags |
---|---|---|---|---|---|---|
r-devel-linux-x86_64-debian-clang | 0.8.0 | 13.41 | 399.02 | 412.43 | OK | |
r-devel-linux-x86_64-debian-gcc | 0.8.0 | 9.65 | 236.40 | 246.05 | OK | |
r-devel-linux-x86_64-fedora-clang | 0.8.0 | 690.21 | OK | |||
r-devel-linux-x86_64-fedora-gcc | 0.8.0 | 653.20 | OK | |||
r-devel-windows-x86_64 | 0.8.0 | 16.00 | 357.00 | 373.00 | OK | |
r-patched-linux-x86_64 | 0.8.0 | 14.48 | 375.96 | 390.44 | OK | |
r-release-linux-x86_64 | OK | |||||
r-release-macos-arm64 | 0.8.0 | 130.00 | OK | |||
r-release-macos-x86_64 | 0.8.0 | 241.00 | OK | |||
r-release-windows-x86_64 | 0.8.0 | 16.00 | 377.00 | 393.00 | OK | |
r-oldrel-macos-arm64 | 0.8.0 | 201.00 | NOTE | |||
r-oldrel-macos-x86_64 | 0.8.0 | 389.00 | NOTE | |||
r-oldrel-windows-x86_64 | 0.8.0 | 19.00 | 685.00 | 704.00 | OK |
Version: 0.8.0
Check: installed package size
Result: NOTE
installed size is 5.2Mb
sub-directories of 1Mb or more:
data 4.8Mb
Flavors: r-oldrel-macos-arm64, r-oldrel-macos-x86_64
These binaries (installable software) and packages are in development.
They may not be fully stable and should be used with caution. We make no claims about them.