Last updated on 2025-10-23 23:49:24 CEST.
| Flavor | Version | Tinstall | Tcheck | Ttotal | Status | Flags |
|---|---|---|---|---|---|---|
| r-devel-linux-x86_64-debian-clang | 0.8.2 | 13.08 | 493.06 | 506.14 | OK | |
| r-devel-linux-x86_64-debian-gcc | 0.8.2 | 8.99 | 285.46 | 294.45 | OK | |
| r-devel-linux-x86_64-fedora-clang | 0.8.2 | 20.00 | 647.05 | 667.05 | OK | |
| r-devel-linux-x86_64-fedora-gcc | 0.8.2 | 27.00 | 787.44 | 814.44 | OK | |
| r-devel-windows-x86_64 | 0.8.2 | 14.00 | 431.00 | 445.00 | OK | |
| r-patched-linux-x86_64 | 0.8.2 | 11.87 | 462.32 | 474.19 | OK | |
| r-release-linux-x86_64 | 0.8.2 | 13.18 | 467.22 | 480.40 | OK | |
| r-release-macos-arm64 | 0.8.2 | 6.00 | 191.00 | 197.00 | OK | |
| r-release-macos-x86_64 | 0.8.2 | 18.00 | 516.00 | 534.00 | OK | |
| r-release-windows-x86_64 | 0.8.2 | 15.00 | 431.00 | 446.00 | OK | |
| r-oldrel-macos-arm64 | 0.8.2 | 7.00 | 234.00 | 241.00 | OK | |
| r-oldrel-macos-x86_64 | 0.8.2 | 13.00 | 608.00 | 621.00 | NOTE | |
| r-oldrel-windows-x86_64 | 0.8.2 | 20.00 | 761.00 | 781.00 | OK |
Version: 0.8.2
Check: installed package size
Result: NOTE
installed size is 5.2Mb
sub-directories of 1Mb or more:
data 4.8Mb
Flavor: r-oldrel-macos-x86_64
These binaries (installable software) and packages are in development.
They may not be fully stable and should be used with caution. We make no claims about them.