CRAN Package Check Results for Package calpassapi

Last updated on 2025-11-13 17:50:29 CET.

Flavor Version Tinstall Tcheck Ttotal Status Flags
r-devel-linux-x86_64-debian-clang 0.0.3 4.34 39.50 43.84 OK
r-devel-linux-x86_64-debian-gcc 0.0.3 3.26 29.71 32.97 OK
r-devel-linux-x86_64-fedora-clang 0.0.3 64.88 OK
r-devel-linux-x86_64-fedora-gcc 0.0.3 10.00 64.80 74.80 OK
r-devel-windows-x86_64 0.0.3 7.00 55.00 62.00 OK
r-patched-linux-x86_64 0.0.3 3.89 36.20 40.09 OK
r-release-linux-x86_64 0.0.3 3.39 36.36 39.75 OK
r-release-macos-arm64 0.0.3 2.00 35.00 37.00 OK
r-release-macos-x86_64 0.0.3 4.00 53.00 57.00 OK
r-release-windows-x86_64 0.0.3 7.00 53.00 60.00 OK
r-oldrel-macos-arm64 0.0.3 2.00 27.00 29.00 NOTE
r-oldrel-macos-x86_64 0.0.3 3.00 46.00 49.00 NOTE
r-oldrel-windows-x86_64 0.0.3 8.00 63.00 71.00 NOTE

Check Details

Version: 0.0.3
Check: LazyData
Result: NOTE 'LazyData' is specified without a 'data' directory Flavors: r-oldrel-macos-arm64, r-oldrel-macos-x86_64, r-oldrel-windows-x86_64

These binaries (installable software) and packages are in development.
They may not be fully stable and should be used with caution. We make no claims about them.