Last updated on 2025-10-10 13:49:21 CEST.
Flavor | Version | Tinstall | Tcheck | Ttotal | Status | Flags |
---|---|---|---|---|---|---|
r-devel-linux-x86_64-debian-clang | 0.1.0 | 6.65 | 95.18 | 101.83 | NOTE | |
r-devel-linux-x86_64-debian-gcc | 0.1.0 | 4.96 | 67.92 | 72.88 | NOTE | |
r-devel-linux-x86_64-fedora-clang | 0.1.0 | 135.98 | NOTE | |||
r-devel-linux-x86_64-fedora-gcc | 0.1.0 | 163.31 | NOTE | |||
r-devel-windows-x86_64 | 0.1.0 | 9.00 | 108.00 | 117.00 | NOTE | |
r-patched-linux-x86_64 | 0.1.0 | 5.68 | 87.89 | 93.57 | NOTE | |
r-release-linux-x86_64 | 0.1.0 | 5.77 | 87.35 | 93.12 | NOTE | |
r-release-macos-arm64 | 0.1.0 | 51.00 | NOTE | |||
r-release-macos-x86_64 | 0.1.0 | 88.00 | NOTE | |||
r-release-windows-x86_64 | 0.1.0 | 9.00 | 107.00 | 116.00 | NOTE | |
r-oldrel-macos-arm64 | 0.1.0 | 48.00 | NOTE | |||
r-oldrel-macos-x86_64 | 0.1.0 | 75.00 | NOTE | |||
r-oldrel-windows-x86_64 | 0.1.0 | 12.00 | 132.00 | 144.00 | NOTE |
Version: 0.1.0
Check: Rd files
Result: NOTE
checkRd: (-1) Recording.Rd:112: Lost braces; missing escapes or markup?
112 | Stop recording images with {camcorder}.
| ^
Flavors: r-devel-linux-x86_64-debian-clang, r-devel-linux-x86_64-debian-gcc, r-devel-linux-x86_64-fedora-clang, r-devel-linux-x86_64-fedora-gcc, r-devel-windows-x86_64, r-patched-linux-x86_64, r-release-linux-x86_64, r-release-macos-arm64, r-release-macos-x86_64, r-release-windows-x86_64, r-oldrel-macos-arm64, r-oldrel-macos-x86_64, r-oldrel-windows-x86_64
These binaries (installable software) and packages are in development.
They may not be fully stable and should be used with caution. We make no claims about them.