Last updated on 2025-07-04 17:54:28 CEST.
Flavor | Version | Tinstall | Tcheck | Ttotal | Status | Flags |
---|---|---|---|---|---|---|
r-devel-linux-x86_64-debian-clang | 0.1.0 | 6.32 | 82.25 | 88.57 | NOTE | |
r-devel-linux-x86_64-debian-gcc | 0.1.0 | 4.36 | 59.19 | 63.55 | NOTE | |
r-devel-linux-x86_64-fedora-clang | 0.1.0 | 132.30 | NOTE | |||
r-devel-linux-x86_64-fedora-gcc | 0.1.0 | 143.79 | NOTE | |||
r-devel-windows-x86_64 | 0.1.0 | 8.00 | 93.00 | 101.00 | NOTE | |
r-patched-linux-x86_64 | 0.1.0 | 5.99 | 76.40 | 82.39 | NOTE | |
r-release-linux-x86_64 | 0.1.0 | 6.01 | 76.02 | 82.03 | NOTE | |
r-release-macos-arm64 | 0.1.0 | 51.00 | NOTE | |||
r-release-macos-x86_64 | 0.1.0 | 88.00 | NOTE | |||
r-release-windows-x86_64 | 0.1.0 | 9.00 | 105.00 | 114.00 | NOTE | |
r-oldrel-macos-arm64 | 0.1.0 | 48.00 | NOTE | |||
r-oldrel-macos-x86_64 | 0.1.0 | 75.00 | NOTE | |||
r-oldrel-windows-x86_64 | 0.1.0 | 10.00 | 121.00 | 131.00 | NOTE |
Version: 0.1.0
Check: Rd files
Result: NOTE
checkRd: (-1) Recording.Rd:112: Lost braces; missing escapes or markup?
112 | Stop recording images with {camcorder}.
| ^
Flavors: r-devel-linux-x86_64-debian-clang, r-devel-linux-x86_64-debian-gcc, r-devel-linux-x86_64-fedora-clang, r-devel-linux-x86_64-fedora-gcc, r-devel-windows-x86_64, r-patched-linux-x86_64, r-release-linux-x86_64, r-release-macos-arm64, r-release-macos-x86_64, r-release-windows-x86_64, r-oldrel-macos-arm64, r-oldrel-macos-x86_64, r-oldrel-windows-x86_64
These binaries (installable software) and packages are in development.
They may not be fully stable and should be used with caution. We make no claims about them.