Last updated on 2025-10-23 11:50:09 CEST.
Flavor | Version | Tinstall | Tcheck | Ttotal | Status | Flags |
---|---|---|---|---|---|---|
r-devel-linux-x86_64-debian-clang | 1.7.0 | 21.82 | 603.83 | 625.65 | NOTE | |
r-devel-linux-x86_64-debian-gcc | 1.7.0 | 12.35 | 366.79 | 379.14 | OK | |
r-devel-linux-x86_64-fedora-clang | 1.7.0 | 123.00 | 977.29 | 1100.29 | OK | |
r-devel-linux-x86_64-fedora-gcc | 1.7.0 | 38.00 | 938.71 | 976.71 | OK | |
r-devel-windows-x86_64 | 1.7.0 | 20.00 | 638.00 | 658.00 | OK | |
r-patched-linux-x86_64 | 1.7.0 | 17.09 | 558.97 | 576.06 | OK | |
r-release-linux-x86_64 | 1.7.0 | 17.61 | 569.78 | 587.39 | OK | |
r-release-macos-arm64 | 1.7.0 | 7.00 | 195.00 | 202.00 | OK | |
r-release-macos-x86_64 | 1.7.0 | 16.00 | 395.00 | 411.00 | OK | |
r-release-windows-x86_64 | 1.7.0 | 21.00 | 632.00 | 653.00 | OK | |
r-oldrel-macos-arm64 | 1.7.0 | 7.00 | 155.00 | 162.00 | OK | |
r-oldrel-macos-x86_64 | 1.7.0 | 16.00 | 403.00 | 419.00 | OK | |
r-oldrel-windows-x86_64 | 1.7.0 | 29.00 | 824.00 | 853.00 | OK |
Version: 1.7.0
Check: HTML version of manual
Result: NOTE
Found the following HTML validation problems:
factorScenarios.html:50:1 (factorScenarios.Rd:12): Warning: missing </ul> before </div>
preprocessEvents.html:46:1 (preprocessEvents.Rd:10): Warning: missing </ul> before </div>
preprocessNocbvars.html:46:1 (preprocessNocbvars.Rd:10): Warning: missing </ul> before </div>
preprocessScenarios.html:46:1 (preprocessScenarios.Rd:10): Warning: missing </ul> before </div>
setSeed.html:48:1 (setSeed.Rd:11): Warning: missing </ul> before </div>
simulation_progress-class.html:76:1 (simulation_progress-class.Rd:26): Warning: missing </ul> before </div>
Flavor: r-devel-linux-x86_64-debian-clang
These binaries (installable software) and packages are in development.
They may not be fully stable and should be used with caution. We make no claims about them.