CRAN Package Check Results for Package camsRad

Last updated on 2025-10-23 17:50:43 CEST.

Flavor Version Tinstall Tcheck Ttotal Status Flags
r-devel-linux-x86_64-debian-clang 0.3.0 1.78 25.12 26.90 NOTE
r-devel-linux-x86_64-debian-gcc 0.3.0 1.32 20.85 22.17 NOTE
r-devel-linux-x86_64-fedora-clang 0.3.0 36.38 OK
r-devel-linux-x86_64-fedora-gcc 0.3.0 52.33 OK
r-devel-windows-x86_64 0.3.0 3.00 43.00 46.00 OK
r-patched-linux-x86_64 0.3.0 1.70 22.86 24.56 OK
r-release-linux-x86_64 0.3.0 1.74 22.90 24.64 OK
r-release-macos-arm64 0.3.0 1.00 33.00 34.00 OK
r-release-macos-x86_64 0.3.0 2.00 45.00 47.00 OK
r-release-windows-x86_64 0.3.0 3.00 46.00 49.00 OK
r-oldrel-macos-arm64 0.3.0 1.00 21.00 22.00 NOTE
r-oldrel-macos-x86_64 0.3.0 1.00 46.00 47.00 NOTE
r-oldrel-windows-x86_64 0.3.0 3.00 54.00 57.00 NOTE

Check Details

Version: 0.3.0
Check: CRAN incoming feasibility
Result: NOTE Maintainer: ‘Lukas Lundstrom <lukas.rokka@gmail.com>’ Found the following (possibly) invalid file URI: URI: CONDUCT.md From: README.md Flavors: r-devel-linux-x86_64-debian-clang, r-devel-linux-x86_64-debian-gcc

Version: 0.3.0
Check: LazyData
Result: NOTE 'LazyData' is specified without a 'data' directory Flavors: r-oldrel-macos-arm64, r-oldrel-macos-x86_64, r-oldrel-windows-x86_64

These binaries (installable software) and packages are in development.
They may not be fully stable and should be used with caution. We make no claims about them.