CRAN Package Check Results for Package camtrapR

Last updated on 2025-05-01 12:49:24 CEST.

Flavor Version Tinstall Tcheck Ttotal Status Flags
r-devel-linux-x86_64-debian-clang 2.3.0 53.40 446.57 499.97 NOTE
r-devel-linux-x86_64-debian-gcc 2.3.0 32.79 285.21 318.00 NOTE
r-devel-linux-x86_64-fedora-clang 2.3.0 783.23 OK
r-devel-linux-x86_64-fedora-gcc 2.3.0 749.75 OK
r-devel-windows-x86_64 2.3.0 49.00 322.00 371.00 NOTE
r-patched-linux-x86_64 2.3.0 50.73 419.35 470.08 NOTE
r-release-linux-x86_64 NOTE
r-release-macos-arm64 2.3.0 172.00 OK
r-release-macos-x86_64 2.3.0 324.00 OK
r-release-windows-x86_64 2.3.0 50.00 334.00 384.00 NOTE
r-oldrel-macos-arm64 2.3.0 147.00 NOTE
r-oldrel-macos-x86_64 2.3.0 250.00 NOTE
r-oldrel-windows-x86_64 2.3.0 65.00 467.00 532.00 NOTE

Check Details

Version: 2.3.0
Check: Rd cross-references
Result: NOTE Found the following Rd file(s) with Rd \link{} targets missing package anchors: plot_coef-commOccu-method.Rd: fit plot_effects-commOccu-method.Rd: fit predict-commOccu-method.Rd: fit Please provide package anchors for all Rd \link{} targets not in the package itself and the base packages. Flavors: r-devel-linux-x86_64-debian-clang, r-devel-linux-x86_64-debian-gcc, r-devel-windows-x86_64, r-patched-linux-x86_64, r-release-linux-x86_64, r-release-windows-x86_64

Version: 2.3.0
Check: examples
Result: NOTE Examples with CPU (user + system) or elapsed time > 5s user system elapsed detectionHistory 5.958 0.142 7.094 spatialDetectionHistory 5.929 0.069 7.379 Flavor: r-devel-linux-x86_64-debian-clang

Version: 2.3.0
Check: installed package size
Result: NOTE installed size is 7.4Mb sub-directories of 1Mb or more: doc 2.2Mb pictures 4.1Mb Flavors: r-oldrel-macos-arm64, r-oldrel-macos-x86_64, r-oldrel-windows-x86_64

These binaries (installable software) and packages are in development.
They may not be fully stable and should be used with caution. We make no claims about them.