Last updated on 2025-11-11 15:50:29 CET.
| Flavor | Version | Tinstall | Tcheck | Ttotal | Status | Flags |
|---|---|---|---|---|---|---|
| r-devel-linux-x86_64-debian-clang | 3.0.0 | 67.41 | 496.58 | 563.99 | NOTE | |
| r-devel-linux-x86_64-debian-gcc | 3.0.0 | 44.31 | 321.03 | 365.34 | NOTE | |
| r-devel-linux-x86_64-fedora-clang | 3.0.0 | 309.00 | 650.03 | 959.03 | NOTE | |
| r-devel-linux-x86_64-fedora-gcc | 3.0.0 | 147.00 | 722.53 | 869.53 | NOTE | |
| r-devel-windows-x86_64 | 3.0.0 | 63.00 | 367.00 | 430.00 | NOTE | |
| r-patched-linux-x86_64 | 3.0.0 | 68.50 | 474.08 | 542.58 | OK | |
| r-release-linux-x86_64 | 3.0.0 | 64.30 | 469.07 | 533.37 | OK | |
| r-release-macos-arm64 | 3.0.0 | 28.00 | 155.00 | 183.00 | OK | |
| r-release-macos-x86_64 | 3.0.0 | 114.00 | 426.00 | 540.00 | OK | |
| r-release-windows-x86_64 | 3.0.0 | 66.00 | 356.00 | 422.00 | OK | |
| r-oldrel-macos-arm64 | 3.0.0 | 27.00 | 157.00 | 184.00 | NOTE | |
| r-oldrel-macos-x86_64 | 3.0.0 | 149.00 | 689.00 | 838.00 | NOTE | |
| r-oldrel-windows-x86_64 | 3.0.0 | 91.00 | 496.00 | 587.00 | NOTE |
Version: 3.0.0
Check: Rd files
Result: NOTE
checkRd: (-1) camtrapR-package.Rd:121-128: Only 2 columns allowed in this table (row 1 has 1)
checkRd: (-1) camtrapR-package.Rd:121-128: Only 2 columns allowed in this table (row 2 has 1)
checkRd: (-1) camtrapR-package.Rd:121-128: Only 2 columns allowed in this table (row 3 has 1)
checkRd: (-1) camtrapR-package.Rd:121-128: Only 2 columns allowed in this table (row 4 has 1)
checkRd: (-1) camtrapR-package.Rd:121-128: Only 2 columns allowed in this table (row 5 has 1)
Flavors: r-devel-linux-x86_64-debian-clang, r-devel-linux-x86_64-debian-gcc, r-devel-linux-x86_64-fedora-clang, r-devel-linux-x86_64-fedora-gcc, r-devel-windows-x86_64
Version: 3.0.0
Check: installed package size
Result: NOTE
installed size is 10.7Mb
sub-directories of 1Mb or more:
R 2.1Mb
doc 4.0Mb
pictures 4.1Mb
Flavors: r-oldrel-macos-arm64, r-oldrel-macos-x86_64, r-oldrel-windows-x86_64
These binaries (installable software) and packages are in development.
They may not be fully stable and should be used with caution. We make no claims about them.