Last updated on 2025-02-16 10:50:42 CET.
Flavor | Version | Tinstall | Tcheck | Ttotal | Status | Flags |
---|---|---|---|---|---|---|
r-devel-linux-x86_64-debian-clang | 2.0.0 | 11.09 | 28.25 | 39.34 | OK | |
r-devel-linux-x86_64-debian-gcc | 2.0.0 | 10.87 | 22.75 | 33.62 | OK | |
r-devel-linux-x86_64-fedora-clang | 2.0.0 | 64.12 | NOTE | |||
r-devel-linux-x86_64-fedora-gcc | 2.0.0 | 60.71 | NOTE | |||
r-devel-macos-arm64 | 2.0.0 | 35.00 | OK | |||
r-devel-macos-x86_64 | 2.0.0 | 73.00 | OK | |||
r-devel-windows-x86_64 | 2.0.0 | 15.00 | 55.00 | 70.00 | OK | |
r-patched-linux-x86_64 | 2.0.0 | 11.12 | 27.40 | 38.52 | OK | |
r-release-linux-x86_64 | 2.0.0 | 9.50 | 27.09 | 36.59 | OK | |
r-release-macos-arm64 | 2.0.0 | 29.00 | OK | |||
r-release-macos-x86_64 | 2.0.0 | 41.00 | OK | |||
r-release-windows-x86_64 | 2.0.0 | 14.00 | 57.00 | 71.00 | OK | |
r-oldrel-macos-arm64 | 2.0.0 | 32.00 | OK | |||
r-oldrel-macos-x86_64 | 2.0.0 | 69.00 | OK | |||
r-oldrel-windows-x86_64 | 2.0.0 | 16.00 | 85.00 | 101.00 | OK |
Version: 2.0.0
Check: dependencies in R code
Result: NOTE
Namespace in Imports field not imported from: ‘sf’
All declared Imports should be used.
Flavors: r-devel-linux-x86_64-fedora-clang, r-devel-linux-x86_64-fedora-gcc
These binaries (installable software) and packages are in development.
They may not be fully stable and should be used with caution. We make no claims about them.