CRAN Package Check Results for Package cancerGI

Last updated on 2025-05-25 21:48:31 CEST.

Flavor Version Tinstall Tcheck Ttotal Status Flags
r-devel-linux-x86_64-debian-clang 1.0.1 11.61 92.65 104.26 NOTE
r-devel-linux-x86_64-debian-gcc 1.0.1 7.13 65.47 72.60 NOTE
r-devel-linux-x86_64-fedora-clang 1.0.1 161.33 OK
r-devel-linux-x86_64-fedora-gcc 1.0.1 152.51 OK
r-devel-windows-x86_64 1.0.1 13.00 146.00 159.00 OK
r-patched-linux-x86_64 1.0.1 10.21 86.71 96.92 OK
r-release-linux-x86_64 1.0.1 10.65 88.14 98.79 OK
r-release-macos-arm64 1.0.1 44.00 OK
r-release-macos-x86_64 1.0.1 86.00 OK
r-release-windows-x86_64 1.0.1 13.00 101.00 114.00 OK
r-oldrel-macos-arm64 1.0.1 43.00 OK
r-oldrel-macos-x86_64 1.0.1 68.00 OK
r-oldrel-windows-x86_64 1.0.1 16.00 123.00 139.00 OK

Check Details

Version: 1.0.1
Check: CRAN incoming feasibility
Result: NOTE Maintainer: ‘Audrey Q. Fu <audreyqyfu@gmail.com>’ No Authors@R field in DESCRIPTION. Please add one, modifying Authors@R: c(person(given = c("Audrey", "Qiuyan"), family = "Fu", role = "aut"), person(given = "Xiaoyue", family = "Wang", role = "aut"), person(given = c("Audrey", "Q."), family = "Fu", role = "cre", email = "audreyqyfu@gmail.com")) as necessary. Flavors: r-devel-linux-x86_64-debian-clang, r-devel-linux-x86_64-debian-gcc

These binaries (installable software) and packages are in development.
They may not be fully stable and should be used with caution. We make no claims about them.